Last updated on 2022-04-24 03:52:29 CEST.
Flavor | Version | Tinstall | Tcheck | Ttotal | Status | Flags |
---|---|---|---|---|---|---|
r-devel-linux-x86_64-debian-clang | 1.2 | 5.31 | 74.02 | 79.33 | NOTE | |
r-devel-linux-x86_64-debian-gcc | 1.2 | 3.84 | 51.75 | 55.59 | NOTE | |
r-devel-linux-x86_64-fedora-clang | 1.2 | 91.90 | NOTE | |||
r-devel-linux-x86_64-fedora-gcc | 1.2 | 77.77 | NOTE | |||
r-patched-linux-x86_64 | 1.2 | 5.02 | 68.69 | 73.71 | NOTE | |
r-release-linux-x86_64 | 1.2 | 4.96 | 67.64 | 72.60 | NOTE | |
r-release-macos-arm64 | 1.2 | NOTE | ||||
r-release-macos-x86_64 | 1.2 | NOTE | ||||
r-release-windows-x86_64 | 1.2 | 21.00 | 80.00 | 101.00 | NOTE | |
r-oldrel-macos-arm64 | 1.2 | NOTE | ||||
r-oldrel-macos-x86_64 | 1.2 | NOTE | ||||
r-oldrel-windows-ix86+x86_64 | 1.2 | 8.00 | 56.00 | 64.00 | NOTE |
Version: 1.2
Check: R code for possible problems
Result: NOTE
boot.lmf : <anonymous>: no visible global function definition for
'rgamma'
boot.lmf : <anonymous>: no visible global function definition for 'var'
ci.boot.lmf : qfn: no visible global function definition for 'quantile'
fs: no visible global function definition for 'optim'
lm.extract: no visible binding for global variable 'na.exclude'
lm.extract: no visible global function definition for 'lm'
lm.extract: no visible global function definition for 'residuals'
lm.extract: no visible global function definition for 'predict'
lm.extract: no visible global function definition for 'df.residual'
lm.extract: no visible global function definition for 'deviance'
lm.extract: no visible global function definition for 'vcov'
lm.extract: no visible global function definition for 'lm.influence'
lm.extract: no visible global function definition for 'cooks.distance'
lmf: no visible binding for global variable 'na.exclude'
lmf: no visible global function definition for 'update.formula'
lmf: no visible global function definition for 'terms'
lmf: no visible global function definition for 'xtabs'
lmf: no visible global function definition for 'var'
plot.boot.lmf: no visible global function definition for 'density'
plot.boot.lmf: no visible global function definition for 'par'
plot.lmf: no visible global function definition for 'par'
plot.lmf: no visible global function definition for 'dev.interactive'
plot.lmf: no visible global function definition for 'devAskNewPage'
plot.lmf : fip: no visible global function definition for 'extendrange'
plot.lmf : fip: no visible global function definition for 'title'
plot.lmf : fip: no visible global function definition for 'abline'
plot.lmf : fip: no visible global function definition for
'panel.smooth'
plot.lmf : sp: no visible global function definition for 'qqnorm'
plot.lmf : sp: no visible global function definition for 'title'
plot.lmf : sp: no visible global function definition for 'qqline'
plot.lmf : tp: no visible global function definition for 'title'
plot.lmf : tp: no visible global function definition for 'abline'
plot.lmf : tp: no visible global function definition for 'panel.smooth'
plot.lmf : fop: no visible global function definition for 'title'
plot.lmf : fop: no visible global function definition for 'abline'
plot.lmf : fop: no visible global function definition for
'panel.smooth'
plot.lmf : fop: no visible global function definition for 'par'
plot.lmf : fop: no visible global function definition for 'lines'
plot.lmf : fop: no visible global function definition for 'legend'
plot.lmf : fop: no visible global function definition for 'axis'
print.summary.boot.lmf: no visible global function definition for
'printCoefmat'
print.summary.lmf: no visible global function definition for
'printCoefmat'
rmnorm: no visible global function definition for 'rnorm'
se: no visible global function definition for 'var'
summary.boot.lmf: no visible binding for global variable 'sd'
summary.boot.lmf: no visible global function definition for 'sd'
summary.lmf : <anonymous> : <anonymous>: no visible global function
definition for 'pt'
summary.lmf : <anonymous>: no visible global function definition for
'pt'
summary.lmf: no visible global function definition for 'pt'
Undefined global functions or variables:
abline axis cooks.distance density dev.interactive devAskNewPage
deviance df.residual extendrange legend lines lm lm.influence
na.exclude optim panel.smooth par predict printCoefmat pt qqline
qqnorm quantile residuals rgamma rnorm sd terms title update.formula
var vcov xtabs
Consider adding
importFrom("grDevices", "dev.interactive", "devAskNewPage",
"extendrange")
importFrom("graphics", "abline", "axis", "legend", "lines",
"panel.smooth", "par", "title")
importFrom("stats", "cooks.distance", "density", "deviance",
"df.residual", "lm", "lm.influence", "na.exclude", "optim",
"predict", "printCoefmat", "pt", "qqline", "qqnorm",
"quantile", "residuals", "rgamma", "rnorm", "sd", "terms",
"update.formula", "var", "vcov", "xtabs")
to your NAMESPACE file.
Flavors: r-devel-linux-x86_64-debian-clang, r-devel-linux-x86_64-debian-gcc, r-devel-linux-x86_64-fedora-clang, r-devel-linux-x86_64-fedora-gcc, r-patched-linux-x86_64, r-release-linux-x86_64, r-release-macos-arm64, r-release-macos-x86_64, r-release-windows-x86_64, r-oldrel-macos-arm64, r-oldrel-macos-x86_64, r-oldrel-windows-ix86+x86_64
Version: 1.2
Check: Rd cross-references
Result: NOTE
Undeclared packages ‘sfsmisc’, ‘mnormt’ in Rd xrefs
Flavor: r-devel-linux-x86_64-fedora-clang