Last updated on 2022-04-24 03:52:29 CEST.
Flavor | Version | Tinstall | Tcheck | Ttotal | Status | Flags |
---|---|---|---|---|---|---|
r-devel-linux-x86_64-debian-clang | 1.9 | 81.32 | 122.49 | 203.81 | OK | |
r-devel-linux-x86_64-debian-gcc | 1.9 | 58.83 | 90.89 | 149.72 | OK | |
r-devel-linux-x86_64-fedora-clang | 1.9 | 268.30 | NOTE | |||
r-devel-linux-x86_64-fedora-gcc | 1.9 | 233.55 | OK | |||
r-patched-linux-x86_64 | 1.9 | 59.86 | 116.41 | 176.27 | OK | |
r-release-linux-x86_64 | 1.9 | 49.18 | 108.19 | 157.37 | OK | |
r-release-macos-arm64 | 1.9 | NOTE | ||||
r-release-macos-x86_64 | 1.9 | NOTE | ||||
r-release-windows-x86_64 | 1.9 | 60.00 | 153.00 | 213.00 | OK | |
r-oldrel-macos-arm64 | 1.9 | NOTE | ||||
r-oldrel-macos-x86_64 | 1.9 | NOTE | ||||
r-oldrel-windows-ix86+x86_64 | 1.9 | 148.00 | 180.00 | 328.00 | OK |
Version: 1.9
Check: installed package size
Result: NOTE
installed size is 23.3Mb
sub-directories of 1Mb or more:
libs 23.1Mb
Flavors: r-devel-linux-x86_64-fedora-clang, r-release-macos-arm64, r-release-macos-x86_64, r-oldrel-macos-arm64, r-oldrel-macos-x86_64