Last updated on 2022-04-24 03:52:29 CEST.
Flavor | Version | Tinstall | Tcheck | Ttotal | Status | Flags |
---|---|---|---|---|---|---|
r-devel-linux-x86_64-debian-clang | 1.0.6 | 60.32 | 176.50 | 236.82 | OK | |
r-devel-linux-x86_64-debian-gcc | 1.0.6 | 52.45 | 127.24 | 179.69 | OK | |
r-devel-linux-x86_64-fedora-clang | 1.0.6 | 305.99 | NOTE | |||
r-devel-linux-x86_64-fedora-gcc | 1.0.6 | 282.04 | OK | |||
r-patched-linux-x86_64 | 1.0.6 | 54.77 | 173.85 | 228.62 | OK | |
r-release-linux-x86_64 | 1.0.6 | 55.98 | 147.17 | 203.15 | OK | |
r-release-macos-arm64 | 1.0.6 | NOTE | ||||
r-release-macos-x86_64 | 1.0.6 | NOTE | ||||
r-release-windows-x86_64 | 1.0.6 | 178.00 | 244.00 | 422.00 | OK | |
r-oldrel-macos-arm64 | 1.0.6 | NOTE | ||||
r-oldrel-macos-x86_64 | 1.0.6 | NOTE | ||||
r-oldrel-windows-ix86+x86_64 | 1.0.6 | 133.00 | 221.00 | 354.00 | OK |
Version: 1.0.6
Check: installed package size
Result: NOTE
installed size is 17.0Mb
sub-directories of 1Mb or more:
libs 16.3Mb
Flavors: r-devel-linux-x86_64-fedora-clang, r-release-macos-arm64, r-release-macos-x86_64, r-oldrel-macos-arm64, r-oldrel-macos-x86_64