Last updated on 2022-04-24 03:52:29 CEST.
Flavor | Version | Tinstall | Tcheck | Ttotal | Status | Flags |
---|---|---|---|---|---|---|
r-devel-linux-x86_64-debian-clang | 1.7.3 | 6.00 | 66.21 | 72.21 | OK | |
r-devel-linux-x86_64-debian-gcc | 1.7.3 | 5.49 | 49.35 | 54.84 | OK | |
r-devel-linux-x86_64-fedora-clang | 1.7.3 | 92.10 | NOTE | |||
r-devel-linux-x86_64-fedora-gcc | 1.7.3 | 79.36 | NOTE | |||
r-patched-linux-x86_64 | 1.7.3 | 8.57 | 62.36 | 70.93 | OK | |
r-release-linux-x86_64 | 1.7.3 | 4.65 | 66.32 | 70.97 | OK | |
r-release-macos-arm64 | 1.7.3 | OK | ||||
r-release-macos-x86_64 | 1.7.3 | OK | ||||
r-release-windows-x86_64 | 1.7.3 | 29.00 | 102.00 | 131.00 | OK | |
r-oldrel-macos-arm64 | 1.7.3 | OK | ||||
r-oldrel-macos-x86_64 | 1.7.3 | OK | ||||
r-oldrel-windows-ix86+x86_64 | 1.7.3 | 14.00 | 104.00 | 118.00 | OK |
Version: 1.7.3
Check: compiled code
Result: NOTE
File ‘locits/libs/locits.so’:
Found no calls to: ‘R_registerRoutines’, ‘R_useDynamicSymbols’
It is good practice to register native routines and to disable symbol
search.
See ‘Writing portable packages’ in the ‘Writing R Extensions’ manual.
Flavors: r-devel-linux-x86_64-fedora-clang, r-devel-linux-x86_64-fedora-gcc