Last updated on 2022-04-24 03:52:29 CEST.
Flavor | Version | Tinstall | Tcheck | Ttotal | Status | Flags |
---|---|---|---|---|---|---|
r-devel-linux-x86_64-debian-clang | 0.4.2 | 3.22 | 55.90 | 59.12 | OK | |
r-devel-linux-x86_64-debian-gcc | 0.4.2 | 2.49 | 42.41 | 44.90 | OK | |
r-devel-linux-x86_64-fedora-clang | 0.4.2 | 72.48 | OK | |||
r-devel-linux-x86_64-fedora-gcc | 0.4.2 | 59.77 | OK | |||
r-patched-linux-x86_64 | 0.4.2 | 3.37 | 53.10 | 56.47 | OK | |
r-release-linux-x86_64 | 0.4.2 | 2.81 | 47.33 | 50.14 | OK | |
r-release-macos-arm64 | 0.4.2 | OK | ||||
r-release-macos-x86_64 | 0.4.2 | OK | ||||
r-release-windows-x86_64 | 0.4.2 | 38.00 | 85.00 | 123.00 | NOTE | |
r-oldrel-macos-arm64 | 0.4.2 | OK | ||||
r-oldrel-macos-x86_64 | 0.4.2 | OK | ||||
r-oldrel-windows-ix86+x86_64 | 0.4.2 | 9.00 | 77.00 | 86.00 | NOTE |
Version: 0.4.2
Check: package dependencies
Result: NOTE
Package suggested but not available for checking: 'rsyslog'
Flavors: r-release-windows-x86_64, r-oldrel-windows-ix86+x86_64
Version: 0.4.2
Check: Rd cross-references
Result: NOTE
Package unavailable to check Rd xrefs: 'rsyslog'
Flavor: r-oldrel-windows-ix86+x86_64