Last updated on 2022-04-24 03:52:29 CEST.
Flavor | Version | Tinstall | Tcheck | Ttotal | Status | Flags |
---|---|---|---|---|---|---|
r-devel-linux-x86_64-debian-clang | 2.1 | 9.61 | 218.89 | 228.50 | NOTE | |
r-devel-linux-x86_64-debian-gcc | 2.1 | 7.39 | 155.40 | 162.79 | NOTE | |
r-devel-linux-x86_64-fedora-clang | 2.1 | 265.09 | NOTE | |||
r-devel-linux-x86_64-fedora-gcc | 2.1 | 249.98 | NOTE | |||
r-patched-linux-x86_64 | 2.1 | 10.19 | 206.46 | 216.65 | NOTE | |
r-release-linux-x86_64 | 2.1 | 9.28 | 231.76 | 241.04 | NOTE | |
r-release-macos-arm64 | 2.1 | NOTE | ||||
r-release-macos-x86_64 | 2.1 | NOTE | ||||
r-release-windows-x86_64 | 2.1 | 34.00 | 262.00 | 296.00 | NOTE | |
r-oldrel-macos-arm64 | 2.1 | NOTE | ||||
r-oldrel-macos-x86_64 | 2.1 | NOTE | ||||
r-oldrel-windows-ix86+x86_64 | 2.1 | 22.00 | 264.00 | 286.00 | NOTE |
Version: 2.1
Check: LazyData
Result: NOTE
'LazyData' is specified without a 'data' directory
Flavors: r-devel-linux-x86_64-debian-clang, r-devel-linux-x86_64-debian-gcc, r-devel-linux-x86_64-fedora-clang, r-devel-linux-x86_64-fedora-gcc, r-patched-linux-x86_64, r-release-linux-x86_64, r-release-macos-arm64, r-release-macos-x86_64, r-release-windows-x86_64, r-oldrel-macos-arm64, r-oldrel-macos-x86_64, r-oldrel-windows-ix86+x86_64
Version: 2.1
Check: dependencies in R code
Result: NOTE
Namespace in Imports field not imported from: ‘ggplot2’
All declared Imports should be used.
Flavors: r-devel-linux-x86_64-fedora-clang, r-devel-linux-x86_64-fedora-gcc, r-release-macos-arm64, r-release-macos-x86_64, r-oldrel-macos-arm64, r-oldrel-macos-x86_64