Last updated on 2022-04-24 03:52:29 CEST.
Flavor | Version | Tinstall | Tcheck | Ttotal | Status | Flags |
---|---|---|---|---|---|---|
r-devel-linux-x86_64-debian-clang | 2.4.1 | 15.54 | 97.23 | 112.77 | NOTE | |
r-devel-linux-x86_64-debian-gcc | 2.4.1 | 11.27 | 72.58 | 83.85 | NOTE | |
r-devel-linux-x86_64-fedora-clang | 2.4.1 | 136.43 | NOTE | |||
r-devel-linux-x86_64-fedora-gcc | 2.4.1 | 121.75 | NOTE | |||
r-patched-linux-x86_64 | 2.4.1 | 17.23 | 95.49 | 112.72 | NOTE | |
r-release-linux-x86_64 | 2.4.1 | 14.35 | 89.82 | 104.17 | NOTE | |
r-release-macos-arm64 | 2.4.1 | OK | ||||
r-release-macos-x86_64 | 2.4.1 | OK | ||||
r-release-windows-x86_64 | 2.4.1 | 106.00 | 99.00 | 205.00 | OK | |
r-oldrel-macos-arm64 | 2.4.1 | OK | ||||
r-oldrel-macos-x86_64 | 2.4.1 | OK | ||||
r-oldrel-windows-ix86+x86_64 | 2.4.1 | 23.00 | 93.00 | 116.00 | OK |
Version: 2.4.1
Check: for non-standard things in the check directory
Result: NOTE
Found the following files/directories:
'main.tex' 'scene.asy'
Flavors: r-devel-linux-x86_64-debian-clang, r-devel-linux-x86_64-debian-gcc, r-devel-linux-x86_64-fedora-clang, r-devel-linux-x86_64-fedora-gcc, r-patched-linux-x86_64, r-release-linux-x86_64