Last updated on 2022-04-24 03:52:29 CEST.
Flavor | Version | Tinstall | Tcheck | Ttotal | Status | Flags |
---|---|---|---|---|---|---|
r-devel-linux-x86_64-debian-clang | 1.4.0 | 26.51 | 243.96 | 270.47 | OK | |
r-devel-linux-x86_64-debian-gcc | 1.4.0 | 19.54 | 177.87 | 197.41 | OK | |
r-devel-linux-x86_64-fedora-clang | 1.4.0 | 331.55 | NOTE | |||
r-devel-linux-x86_64-fedora-gcc | 1.4.0 | 310.75 | OK | |||
r-patched-linux-x86_64 | 1.4.0 | 30.57 | 236.62 | 267.19 | OK | |
r-release-linux-x86_64 | 1.4.0 | 25.06 | 234.57 | 259.63 | OK | |
r-release-macos-arm64 | 1.4.0 | NOTE | ||||
r-release-macos-x86_64 | 1.4.0 | NOTE | ||||
r-release-windows-x86_64 | 1.4.0 | 261.00 | 368.00 | 629.00 | OK | |
r-oldrel-macos-arm64 | 1.4.0 | NOTE | ||||
r-oldrel-macos-x86_64 | 1.4.0 | NOTE | ||||
r-oldrel-windows-ix86+x86_64 | 1.4.0 | 32.00 | 279.00 | 311.00 | OK |
Version: 1.4.0
Check: installed package size
Result: NOTE
installed size is 5.0Mb
sub-directories of 1Mb or more:
doc 1.5Mb
tcl 1.3Mb
Flavor: r-devel-linux-x86_64-fedora-clang
Version: 1.4.0
Check: package dependencies
Result: NOTE
Package suggested but not available for checking: ‘RDRToolbox’
Flavors: r-release-macos-arm64, r-release-macos-x86_64, r-oldrel-macos-arm64, r-oldrel-macos-x86_64