Last updated on 2022-04-24 03:52:29 CEST.
Flavor | Version | Tinstall | Tcheck | Ttotal | Status | Flags |
---|---|---|---|---|---|---|
r-devel-linux-x86_64-debian-clang | 0.6.1 | 2.09 | 30.11 | 32.20 | NOTE | |
r-devel-linux-x86_64-debian-gcc | 0.6.1 | 2.13 | 23.43 | 25.56 | NOTE | |
r-devel-linux-x86_64-fedora-clang | 0.6.1 | 40.52 | NOTE | |||
r-devel-linux-x86_64-fedora-gcc | 0.6.1 | 27.78 | NOTE | |||
r-patched-linux-x86_64 | 0.6.1 | 2.44 | 29.13 | 31.57 | NOTE | |
r-release-linux-x86_64 | 0.6.1 | 2.31 | 29.01 | 31.32 | NOTE | |
r-release-macos-arm64 | 0.6.1 | NOTE | ||||
r-release-macos-x86_64 | 0.6.1 | NOTE | ||||
r-release-windows-x86_64 | 0.6.1 | 12.00 | 49.00 | 61.00 | NOTE | |
r-oldrel-macos-arm64 | 0.6.1 | NOTE | ||||
r-oldrel-macos-x86_64 | 0.6.1 | NOTE | ||||
r-oldrel-windows-ix86+x86_64 | 0.6.1 | 9.00 | 35.00 | 44.00 | NOTE |
Version: 0.6.1
Check: package dependencies
Result: NOTE
Package suggested but not available for checking: 'scio'
Flavors: r-devel-linux-x86_64-debian-clang, r-devel-linux-x86_64-debian-gcc, r-devel-linux-x86_64-fedora-clang, r-devel-linux-x86_64-fedora-gcc, r-patched-linux-x86_64, r-release-linux-x86_64, r-release-macos-arm64, r-release-macos-x86_64, r-release-windows-x86_64, r-oldrel-macos-arm64, r-oldrel-macos-x86_64
Version: 0.6.1
Check: DESCRIPTION meta-information
Result: NOTE
Malformed Description field: should contain one or more complete sentences.
Flavors: r-devel-linux-x86_64-debian-clang, r-devel-linux-x86_64-debian-gcc, r-devel-linux-x86_64-fedora-clang, r-devel-linux-x86_64-fedora-gcc, r-patched-linux-x86_64, r-release-linux-x86_64, r-release-macos-arm64, r-release-macos-x86_64, r-release-windows-x86_64, r-oldrel-macos-arm64, r-oldrel-macos-x86_64, r-oldrel-windows-ix86+x86_64
Version: 0.6.1
Check: compiled code
Result: NOTE
File ‘lorec/libs/lorec.so’:
Found no calls to: ‘R_registerRoutines’, ‘R_useDynamicSymbols’
It is good practice to register native routines and to disable symbol
search.
See ‘Writing portable packages’ in the ‘Writing R Extensions’ manual.
Flavors: r-devel-linux-x86_64-fedora-clang, r-devel-linux-x86_64-fedora-gcc