Last updated on 2022-04-24 03:52:29 CEST.
Flavor | Version | Tinstall | Tcheck | Ttotal | Status | Flags |
---|---|---|---|---|---|---|
r-devel-linux-x86_64-debian-clang | 0.1.0 | 2.56 | 35.66 | 38.22 | NOTE | |
r-devel-linux-x86_64-debian-gcc | 0.1.0 | 2.05 | 26.87 | 28.92 | NOTE | |
r-devel-linux-x86_64-fedora-clang | 0.1.0 | 46.62 | NOTE | |||
r-devel-linux-x86_64-fedora-gcc | 0.1.0 | 34.28 | NOTE | |||
r-patched-linux-x86_64 | 0.1.0 | 2.23 | 33.94 | 36.17 | NOTE | |
r-release-linux-x86_64 | 0.1.0 | 1.80 | 33.27 | 35.07 | NOTE | |
r-release-macos-arm64 | 0.1.0 | NOTE | ||||
r-release-macos-x86_64 | 0.1.0 | NOTE | ||||
r-release-windows-x86_64 | 0.1.0 | 11.00 | 50.00 | 61.00 | NOTE | |
r-oldrel-macos-arm64 | 0.1.0 | NOTE | ||||
r-oldrel-macos-x86_64 | 0.1.0 | NOTE | ||||
r-oldrel-windows-ix86+x86_64 | 0.1.0 | 9.00 | 41.00 | 50.00 | NOTE |
Version: 0.1.0
Check: LazyData
Result: NOTE
'LazyData' is specified without a 'data' directory
Flavors: r-devel-linux-x86_64-debian-clang, r-devel-linux-x86_64-debian-gcc, r-devel-linux-x86_64-fedora-clang, r-devel-linux-x86_64-fedora-gcc, r-patched-linux-x86_64, r-release-linux-x86_64, r-release-macos-arm64, r-release-macos-x86_64, r-release-windows-x86_64, r-oldrel-macos-arm64, r-oldrel-macos-x86_64, r-oldrel-windows-ix86+x86_64