Last updated on 2022-04-24 03:52:29 CEST.
Flavor | Version | Tinstall | Tcheck | Ttotal | Status | Flags |
---|---|---|---|---|---|---|
r-devel-linux-x86_64-debian-clang | 0.1.2 | 33.04 | 38.68 | 71.72 | NOTE | |
r-devel-linux-x86_64-debian-gcc | 0.1.2 | 26.25 | 29.97 | 56.22 | NOTE | |
r-devel-linux-x86_64-fedora-clang | 0.1.2 | 100.63 | NOTE | |||
r-devel-linux-x86_64-fedora-gcc | 0.1.2 | 82.83 | NOTE | |||
r-patched-linux-x86_64 | 0.1.2 | 28.05 | 37.47 | 65.52 | NOTE | |
r-release-linux-x86_64 | 0.1.2 | 28.12 | 35.89 | 64.01 | NOTE | |
r-release-macos-arm64 | 0.1.2 | NOTE | ||||
r-release-macos-x86_64 | 0.1.2 | NOTE | ||||
r-release-windows-x86_64 | 0.1.2 | 41.00 | 77.00 | 118.00 | NOTE | |
r-oldrel-macos-arm64 | 0.1.2 | NOTE | ||||
r-oldrel-macos-x86_64 | 0.1.2 | NOTE | ||||
r-oldrel-windows-ix86+x86_64 | 0.1.2 | 81.00 | 69.00 | 150.00 | NOTE |
Version: 0.1.2
Check: LazyData
Result: NOTE
'LazyData' is specified without a 'data' directory
Flavors: r-devel-linux-x86_64-debian-clang, r-devel-linux-x86_64-debian-gcc, r-devel-linux-x86_64-fedora-clang, r-devel-linux-x86_64-fedora-gcc, r-patched-linux-x86_64, r-release-linux-x86_64, r-release-macos-arm64, r-release-macos-x86_64, r-release-windows-x86_64, r-oldrel-macos-arm64, r-oldrel-macos-x86_64, r-oldrel-windows-ix86+x86_64
Version: 0.1.2
Check: compiled code
Result: NOTE
File ‘lowmemtkmeans/libs/lowmemtkmeans.so’:
Found no calls to: ‘R_registerRoutines’, ‘R_useDynamicSymbols’
It is good practice to register native routines and to disable symbol
search.
See ‘Writing portable packages’ in the ‘Writing R Extensions’ manual.
Flavors: r-devel-linux-x86_64-fedora-clang, r-devel-linux-x86_64-fedora-gcc