Last updated on 2022-04-24 03:52:29 CEST.
Flavor | Version | Tinstall | Tcheck | Ttotal | Status | Flags |
---|---|---|---|---|---|---|
r-devel-linux-x86_64-debian-clang | 0.2.0 | 134.76 | 236.66 | 371.42 | OK | |
r-devel-linux-x86_64-debian-gcc | 0.2.0 | 100.52 | 166.40 | 266.92 | OK | |
r-devel-linux-x86_64-fedora-clang | 0.2.0 | 475.19 | OK | |||
r-devel-linux-x86_64-fedora-gcc | 0.2.0 | 418.03 | OK | |||
r-patched-linux-x86_64 | 0.2.0 | 127.20 | 208.64 | 335.84 | OK | |
r-release-linux-x86_64 | 0.2.0 | 110.93 | 201.49 | 312.42 | OK | |
r-release-macos-arm64 | 0.2.0 | NOTE | ||||
r-release-macos-x86_64 | 0.2.0 | OK | ||||
r-release-windows-x86_64 | 0.2.0 | 117.00 | 398.00 | 515.00 | OK | |
r-oldrel-macos-arm64 | 0.2.0 | NOTE | ||||
r-oldrel-macos-x86_64 | 0.2.0 | OK | ||||
r-oldrel-windows-ix86+x86_64 | 0.2.0 | 320.00 | 577.00 | 897.00 | OK |
Version: 0.2.0
Check: installed package size
Result: NOTE
installed size is 5.9Mb
sub-directories of 1Mb or more:
libs 4.3Mb
Flavors: r-release-macos-arm64, r-oldrel-macos-arm64