Last updated on 2022-04-24 03:52:29 CEST.
| Flavor | Version | Tinstall | Tcheck | Ttotal | Status | Flags | 
|---|---|---|---|---|---|---|
| r-devel-linux-x86_64-debian-clang | 0.2-1 | 2.25 | 31.63 | 33.88 | NOTE | |
| r-devel-linux-x86_64-debian-gcc | 0.2-1 | 1.72 | 24.64 | 26.36 | NOTE | |
| r-devel-linux-x86_64-fedora-clang | 0.2-1 | 41.92 | NOTE | |||
| r-devel-linux-x86_64-fedora-gcc | 0.2-1 | 30.18 | NOTE | |||
| r-patched-linux-x86_64 | 0.2-1 | 1.93 | 31.25 | 33.18 | NOTE | |
| r-release-linux-x86_64 | 0.2-1 | 1.95 | 30.29 | 32.24 | NOTE | |
| r-release-macos-arm64 | 0.2-1 | NOTE | ||||
| r-release-macos-x86_64 | 0.2-1 | NOTE | ||||
| r-release-windows-x86_64 | 0.2-1 | 19.00 | 48.00 | 67.00 | NOTE | |
| r-oldrel-macos-arm64 | 0.2-1 | NOTE | ||||
| r-oldrel-macos-x86_64 | 0.2-1 | NOTE | ||||
| r-oldrel-windows-ix86+x86_64 | 0.2-1 | 4.00 | 36.00 | 40.00 | NOTE | 
Version: 0.2-1
Check: dependencies in R code
Result: NOTE
    'library' or 'require' call to 'Rsymphony' in package code.
      Please use :: or requireNamespace() instead.
      See section 'Suggested packages' in the 'Writing R Extensions' manual.
Flavors: r-devel-linux-x86_64-debian-clang, r-devel-linux-x86_64-debian-gcc, r-devel-linux-x86_64-fedora-clang, r-devel-linux-x86_64-fedora-gcc, r-patched-linux-x86_64, r-release-linux-x86_64, r-release-macos-arm64, r-release-macos-x86_64, r-release-windows-x86_64, r-oldrel-macos-arm64, r-oldrel-macos-x86_64, r-oldrel-windows-ix86+x86_64
Version: 0.2-1
Check: R code for possible problems
Result: NOTE
    mipSolve.Rsymphony: no visible global function definition for
      'Rsymphony_solve_LP'
    Undefined global functions or variables:
      Rsymphony_solve_LP
Flavors: r-devel-linux-x86_64-debian-clang, r-devel-linux-x86_64-debian-gcc, r-devel-linux-x86_64-fedora-clang, r-devel-linux-x86_64-fedora-gcc, r-patched-linux-x86_64, r-release-linux-x86_64, r-release-macos-arm64, r-release-macos-x86_64, r-release-windows-x86_64, r-oldrel-macos-arm64, r-oldrel-macos-x86_64, r-oldrel-windows-ix86+x86_64
Version: 0.2-1
Check: package dependencies
Result: NOTE
    Package suggested but not available for checking: ‘Rsymphony’
Flavors: r-release-macos-arm64, r-oldrel-macos-arm64