Last updated on 2022-04-24 03:52:29 CEST.
Flavor | Version | Tinstall | Tcheck | Ttotal | Status | Flags |
---|---|---|---|---|---|---|
r-devel-linux-x86_64-debian-clang | 0.1.3 | 2.00 | 32.87 | 34.87 | NOTE | |
r-devel-linux-x86_64-debian-gcc | 0.1.3 | 1.72 | 24.90 | 26.62 | NOTE | |
r-devel-linux-x86_64-fedora-clang | 0.1.3 | 42.82 | NOTE | |||
r-devel-linux-x86_64-fedora-gcc | 0.1.3 | 30.48 | NOTE | |||
r-patched-linux-x86_64 | 0.1.3 | 1.92 | 31.08 | 33.00 | NOTE | |
r-release-linux-x86_64 | 0.1.3 | 1.68 | 30.60 | 32.28 | NOTE | |
r-release-macos-arm64 | 0.1.3 | NOTE | ||||
r-release-macos-x86_64 | 0.1.3 | NOTE | ||||
r-release-windows-x86_64 | 0.1.3 | 20.00 | 49.00 | 69.00 | NOTE | |
r-oldrel-macos-arm64 | 0.1.3 | NOTE | ||||
r-oldrel-macos-x86_64 | 0.1.3 | NOTE | ||||
r-oldrel-windows-ix86+x86_64 | 0.1.3 | 5.00 | 40.00 | 45.00 | NOTE |
Version: 0.1.3
Check: LazyData
Result: NOTE
'LazyData' is specified without a 'data' directory
Flavors: r-devel-linux-x86_64-debian-clang, r-devel-linux-x86_64-debian-gcc, r-devel-linux-x86_64-fedora-clang, r-devel-linux-x86_64-fedora-gcc, r-patched-linux-x86_64, r-release-linux-x86_64, r-release-macos-arm64, r-release-macos-x86_64, r-release-windows-x86_64, r-oldrel-macos-arm64, r-oldrel-macos-x86_64, r-oldrel-windows-ix86+x86_64