Last updated on 2022-04-24 03:52:29 CEST.
Flavor | Version | Tinstall | Tcheck | Ttotal | Status | Flags |
---|---|---|---|---|---|---|
r-devel-linux-x86_64-debian-clang | 1.1 | 1.43 | 30.14 | 31.57 | NOTE | |
r-devel-linux-x86_64-debian-gcc | 1.1 | 1.55 | 23.00 | 24.55 | NOTE | |
r-devel-linux-x86_64-fedora-clang | 1.1 | 38.79 | NOTE | |||
r-devel-linux-x86_64-fedora-gcc | 1.1 | 27.23 | NOTE | |||
r-patched-linux-x86_64 | 1.1 | 2.03 | 28.91 | 30.94 | NOTE | |
r-release-linux-x86_64 | 1.1 | 1.83 | 28.49 | 30.32 | NOTE | |
r-release-macos-arm64 | 1.1 | NOTE | ||||
r-release-macos-x86_64 | 1.1 | NOTE | ||||
r-release-windows-x86_64 | 1.1 | 9.00 | 43.00 | 52.00 | NOTE | |
r-oldrel-macos-arm64 | 1.1 | NOTE | ||||
r-oldrel-macos-x86_64 | 1.1 | NOTE | ||||
r-oldrel-windows-ix86+x86_64 | 1.1 | 5.00 | 25.00 | 30.00 | NOTE |
Version: 1.1
Check: DESCRIPTION meta-information
Result: NOTE
Malformed Description field: should contain one or more complete sentences.
Flavors: r-devel-linux-x86_64-debian-clang, r-devel-linux-x86_64-debian-gcc, r-devel-linux-x86_64-fedora-clang, r-devel-linux-x86_64-fedora-gcc, r-patched-linux-x86_64, r-release-linux-x86_64, r-release-macos-arm64, r-release-macos-x86_64, r-release-windows-x86_64, r-oldrel-macos-arm64, r-oldrel-macos-x86_64, r-oldrel-windows-ix86+x86_64
Version: 1.1
Check: R code for possible problems
Result: NOTE
Lsdv.formula: no visible global function definition for 'model.frame'
Lsdv.formula: no visible global function definition for 'model.matrix'
Lsdv.formula: no visible global function definition for
'model.response'
lsdv: no visible global function definition for 'pf'
summary.Lsdv: no visible global function definition for 'coef'
summary.Lsdv: no visible global function definition for 'pt'
Undefined global functions or variables:
coef model.frame model.matrix model.response pf pt
Consider adding
importFrom("stats", "coef", "model.frame", "model.matrix",
"model.response", "pf", "pt")
to your NAMESPACE file.
Flavors: r-devel-linux-x86_64-debian-clang, r-devel-linux-x86_64-debian-gcc, r-devel-linux-x86_64-fedora-clang, r-devel-linux-x86_64-fedora-gcc, r-patched-linux-x86_64, r-release-linux-x86_64, r-release-macos-arm64, r-release-macos-x86_64, r-release-windows-x86_64, r-oldrel-macos-arm64, r-oldrel-macos-x86_64, r-oldrel-windows-ix86+x86_64