Last updated on 2022-04-24 03:52:29 CEST.
Flavor | Version | Tinstall | Tcheck | Ttotal | Status | Flags |
---|---|---|---|---|---|---|
r-devel-linux-x86_64-debian-clang | 0.1-6 | 1.83 | 34.97 | 36.80 | NOTE | |
r-devel-linux-x86_64-debian-gcc | 0.1-6 | 1.72 | 26.29 | 28.01 | NOTE | |
r-devel-linux-x86_64-fedora-clang | 0.1-6 | 44.87 | NOTE | |||
r-devel-linux-x86_64-fedora-gcc | 0.1-6 | 33.11 | NOTE | |||
r-patched-linux-x86_64 | 0.1-6 | 1.53 | 32.54 | 34.07 | NOTE | |
r-release-linux-x86_64 | 0.1-6 | 1.82 | 33.06 | 34.88 | NOTE | |
r-release-macos-arm64 | 0.1-6 | NOTE | ||||
r-release-macos-x86_64 | 0.1-6 | NOTE | ||||
r-release-windows-x86_64 | 0.1-6 | 12.00 | 52.00 | 64.00 | NOTE | |
r-oldrel-macos-arm64 | 0.1-6 | NOTE | ||||
r-oldrel-macos-x86_64 | 0.1-6 | NOTE | ||||
r-oldrel-windows-ix86+x86_64 | 0.1-6 | 5.00 | 29.00 | 34.00 | NOTE |
Version: 0.1-6
Check: R code for possible problems
Result: NOTE
legend.lshorth: no visible global function definition for 'legend'
legend.lshorth: no visible global function definition for 'strwidth'
legend.lshorth: no visible global function definition for 'text'
plot.lshorth: no visible global function definition for 'plot.new'
plot.lshorth: no visible global function definition for 'plot.window'
plot.lshorth: no visible global function definition for 'axis'
plot.lshorth: no visible global function definition for 'title'
plot.lshorth: no visible global function definition for 'box'
plot.lshorth: no visible global function definition for 'lines'
plot.lshorth: no visible global function definition for 'legend'
plot.lshorth: no visible global function definition for 'strwidth'
plot.lshorth: no visible global function definition for 'text'
Undefined global functions or variables:
axis box legend lines plot.new plot.window strwidth text title
Consider adding
importFrom("graphics", "axis", "box", "legend", "lines", "plot.new",
"plot.window", "strwidth", "text", "title")
to your NAMESPACE file.
Flavors: r-devel-linux-x86_64-debian-clang, r-devel-linux-x86_64-debian-gcc, r-devel-linux-x86_64-fedora-clang, r-devel-linux-x86_64-fedora-gcc, r-patched-linux-x86_64, r-release-linux-x86_64, r-release-macos-arm64, r-release-macos-x86_64, r-release-windows-x86_64, r-oldrel-macos-arm64, r-oldrel-macos-x86_64, r-oldrel-windows-ix86+x86_64