Last updated on 2022-04-24 03:52:29 CEST.
Flavor | Version | Tinstall | Tcheck | Ttotal | Status | Flags |
---|---|---|---|---|---|---|
r-devel-linux-x86_64-debian-clang | 1.0.1 | 760.96 | 286.39 | 1047.35 | OK | |
r-devel-linux-x86_64-debian-gcc | 1.0.1 | 657.79 | 207.46 | 865.25 | OK | |
r-devel-linux-x86_64-fedora-clang | 1.0.1 | 1693.67 | NOTE | |||
r-devel-linux-x86_64-fedora-gcc | 1.0.1 | 1435.11 | OK | |||
r-patched-linux-x86_64 | 1.0.1 | 694.98 | 273.96 | 968.94 | OK | |
r-release-linux-x86_64 | 1.0.1 | 688.93 | 266.79 | 955.72 | OK | |
r-release-macos-arm64 | 1.0.1 | NOTE | ||||
r-release-macos-x86_64 | 1.0.1 | NOTE | ||||
r-release-windows-x86_64 | 1.0.1 | 596.00 | 353.00 | 949.00 | OK | |
r-oldrel-macos-arm64 | 1.0.1 | NOTE | ||||
r-oldrel-macos-x86_64 | 1.0.1 | NOTE | ||||
r-oldrel-windows-ix86+x86_64 | 1.0.1 | 1897.00 | 646.00 | 2543.00 | NOTE |
Version: 1.0.1
Check: installed package size
Result: NOTE
installed size is 16.5Mb
sub-directories of 1Mb or more:
libs 15.8Mb
Flavors: r-devel-linux-x86_64-fedora-clang, r-release-macos-arm64, r-release-macos-x86_64, r-oldrel-macos-arm64, r-oldrel-macos-x86_64, r-oldrel-windows-ix86+x86_64