Last updated on 2022-04-24 03:52:29 CEST.
Flavor | Version | Tinstall | Tcheck | Ttotal | Status | Flags |
---|---|---|---|---|---|---|
r-devel-linux-x86_64-debian-clang | 1.0-0 | 1.84 | 41.48 | 43.32 | NOTE | |
r-devel-linux-x86_64-debian-gcc | 1.0-0 | 1.46 | 31.68 | 33.14 | NOTE | |
r-devel-linux-x86_64-fedora-clang | 1.0-0 | 52.85 | NOTE | |||
r-devel-linux-x86_64-fedora-gcc | 1.0-0 | 41.25 | NOTE | |||
r-patched-linux-x86_64 | 1.0-0 | 1.36 | 39.03 | 40.39 | NOTE | |
r-release-linux-x86_64 | 1.0-0 | 1.62 | 37.50 | 39.12 | NOTE | |
r-release-macos-arm64 | 1.0-0 | NOTE | ||||
r-release-macos-x86_64 | 1.0-0 | WARN | ||||
r-release-windows-x86_64 | 1.0-0 | 8.00 | 61.00 | 69.00 | NOTE | |
r-oldrel-macos-arm64 | 1.0-0 | NOTE | ||||
r-oldrel-macos-x86_64 | 1.0-0 | WARN | ||||
r-oldrel-windows-ix86+x86_64 | 1.0-0 | 5.00 | 47.00 | 52.00 | NOTE |
Version: 1.0-0
Check: LazyData
Result: NOTE
'LazyData' is specified without a 'data' directory
Flavors: r-devel-linux-x86_64-debian-clang, r-devel-linux-x86_64-debian-gcc, r-devel-linux-x86_64-fedora-clang, r-devel-linux-x86_64-fedora-gcc, r-patched-linux-x86_64, r-release-linux-x86_64, r-release-macos-arm64, r-release-macos-x86_64, r-release-windows-x86_64, r-oldrel-macos-arm64, r-oldrel-macos-x86_64, r-oldrel-windows-ix86+x86_64
Version: 1.0-0
Check: re-building of vignette outputs
Result: WARN
Error(s) in re-building vignettes:
...
--- re-building ‘lspline.Rmd’ using rmarkdown
Warning in engine$weave(file, quiet = quiet, encoding = enc) :
Pandoc (>= 1.12.3) not available. Falling back to R Markdown v1.
Quitting from lines 18-23 (lspline.Rmd)
Error: processing vignette 'lspline.Rmd' failed with diagnostics:
object 'params' not found
--- failed re-building ‘lspline.Rmd’
SUMMARY: processing the following file failed:
‘lspline.Rmd’
Error: Vignette re-building failed.
Execution halted
Flavors: r-release-macos-x86_64, r-oldrel-macos-x86_64