Last updated on 2022-04-24 03:52:29 CEST.
Flavor | Version | Tinstall | Tcheck | Ttotal | Status | Flags |
---|---|---|---|---|---|---|
r-devel-linux-x86_64-debian-clang | 1.1 | 10.04 | 90.83 | 100.87 | NOTE | |
r-devel-linux-x86_64-debian-gcc | 1.1 | 7.04 | 69.15 | 76.19 | NOTE | |
r-devel-linux-x86_64-fedora-clang | 1.1 | 120.24 | NOTE | |||
r-devel-linux-x86_64-fedora-gcc | 1.1 | 106.67 | NOTE | |||
r-patched-linux-x86_64 | 1.1 | 9.58 | 84.87 | 94.45 | NOTE | |
r-release-linux-x86_64 | 1.1 | 7.16 | 81.09 | 88.25 | NOTE | |
r-release-macos-arm64 | 1.1 | NOTE | ||||
r-release-macos-x86_64 | 1.1 | NOTE | ||||
r-release-windows-x86_64 | 1.1 | 11.00 | 107.00 | 118.00 | NOTE | |
r-oldrel-macos-arm64 | 1.1 | NOTE | ||||
r-oldrel-macos-x86_64 | 1.1 | NOTE | ||||
r-oldrel-windows-ix86+x86_64 | 1.1 | 17.00 | 91.00 | 108.00 | NOTE |
Version: 1.1
Check: LazyData
Result: NOTE
'LazyData' is specified without a 'data' directory
Flavors: r-devel-linux-x86_64-debian-clang, r-devel-linux-x86_64-debian-gcc, r-devel-linux-x86_64-fedora-clang, r-devel-linux-x86_64-fedora-gcc, r-patched-linux-x86_64, r-release-linux-x86_64, r-release-macos-arm64, r-release-macos-x86_64, r-release-windows-x86_64, r-oldrel-macos-arm64, r-oldrel-macos-x86_64, r-oldrel-windows-ix86+x86_64