Last updated on 2022-04-24 03:52:29 CEST.
Flavor | Version | Tinstall | Tcheck | Ttotal | Status | Flags |
---|---|---|---|---|---|---|
r-devel-linux-x86_64-debian-clang | 0.4 | 3.91 | 150.45 | 154.36 | OK | |
r-devel-linux-x86_64-debian-gcc | 0.4 | 3.50 | 108.41 | 111.91 | OK | |
r-devel-linux-x86_64-fedora-clang | 0.4 | 176.58 | NOTE | |||
r-devel-linux-x86_64-fedora-gcc | 0.4 | 161.93 | NOTE | |||
r-patched-linux-x86_64 | 0.4 | 4.40 | 137.41 | 141.81 | OK | |
r-release-linux-x86_64 | 0.4 | 3.92 | 51.28 | 55.20 | OK | |
r-release-macos-arm64 | 0.4 | OK | ||||
r-release-macos-x86_64 | 0.4 | OK | ||||
r-release-windows-x86_64 | 0.4 | 26.00 | 157.00 | 183.00 | OK | |
r-oldrel-macos-arm64 | 0.4 | OK | ||||
r-oldrel-macos-x86_64 | 0.4 | OK | ||||
r-oldrel-windows-ix86+x86_64 | 0.4 | 15.00 | 88.00 | 103.00 | OK |
Version: 0.4
Check: compiled code
Result: NOTE
File ‘ltbayes/libs/ltbayes.so’:
Found no calls to: ‘R_registerRoutines’, ‘R_useDynamicSymbols’
It is good practice to register native routines and to disable symbol
search.
See ‘Writing portable packages’ in the ‘Writing R Extensions’ manual.
Flavors: r-devel-linux-x86_64-fedora-clang, r-devel-linux-x86_64-fedora-gcc