Last updated on 2022-04-24 03:52:29 CEST.
Flavor | Version | Tinstall | Tcheck | Ttotal | Status | Flags |
---|---|---|---|---|---|---|
r-devel-linux-x86_64-debian-clang | 1.0.1 | 3.01 | 36.97 | 39.98 | NOTE | |
r-devel-linux-x86_64-debian-gcc | 1.0.1 | 2.12 | 29.02 | 31.14 | NOTE | |
r-devel-linux-x86_64-fedora-clang | 1.0.1 | 49.41 | NOTE | |||
r-devel-linux-x86_64-fedora-gcc | 1.0.1 | 37.61 | NOTE | |||
r-patched-linux-x86_64 | 1.0.1 | 2.86 | 36.45 | 39.31 | NOTE | |
r-release-linux-x86_64 | 1.0.1 | 2.06 | 35.17 | 37.23 | NOTE | |
r-release-macos-arm64 | 1.0.1 | NOTE | ||||
r-release-macos-x86_64 | 1.0.1 | NOTE | ||||
r-release-windows-x86_64 | 1.0.1 | 10.00 | 56.00 | 66.00 | NOTE | |
r-oldrel-macos-arm64 | 1.0.1 | NOTE | ||||
r-oldrel-macos-x86_64 | 1.0.1 | NOTE | ||||
r-oldrel-windows-ix86+x86_64 | 1.0.1 | 6.00 | 44.00 | 50.00 | NOTE |
Version: 1.0.1
Check: dependencies in R code
Result: NOTE
'library' or 'require' calls to packages already attached by Depends:
'MASS' 'robustbase'
Please remove these calls from your code.
Flavors: r-devel-linux-x86_64-debian-clang, r-devel-linux-x86_64-debian-gcc, r-devel-linux-x86_64-fedora-clang, r-devel-linux-x86_64-fedora-gcc, r-patched-linux-x86_64, r-release-linux-x86_64, r-release-macos-arm64, r-release-macos-x86_64, r-release-windows-x86_64, r-oldrel-macos-arm64, r-oldrel-macos-x86_64, r-oldrel-windows-ix86+x86_64
Version: 1.0.1
Check: R code for possible problems
Result: NOTE
ltsbase: no visible global function definition for 'lm'
ltsbase: no visible global function definition for 'lines'
ltsbase: no visible global function definition for 'legend'
Undefined global functions or variables:
legend lines lm
Consider adding
importFrom("graphics", "legend", "lines")
importFrom("stats", "lm")
to your NAMESPACE file.
Flavors: r-devel-linux-x86_64-debian-clang, r-devel-linux-x86_64-debian-gcc, r-devel-linux-x86_64-fedora-clang, r-devel-linux-x86_64-fedora-gcc, r-patched-linux-x86_64, r-release-linux-x86_64, r-release-macos-arm64, r-release-macos-x86_64, r-release-windows-x86_64, r-oldrel-macos-arm64, r-oldrel-macos-x86_64, r-oldrel-windows-ix86+x86_64