Last updated on 2022-04-24 03:52:29 CEST.
Flavor | Version | Tinstall | Tcheck | Ttotal | Status | Flags |
---|---|---|---|---|---|---|
r-devel-linux-x86_64-debian-clang | 0.1.0 | 97.95 | 181.59 | 279.54 | OK | |
r-devel-linux-x86_64-debian-gcc | 0.1.0 | 70.91 | 135.88 | 206.79 | OK | |
r-devel-linux-x86_64-fedora-clang | 0.1.0 | 360.50 | OK | |||
r-devel-linux-x86_64-fedora-gcc | 0.1.0 | 324.57 | OK | |||
r-patched-linux-x86_64 | 0.1.0 | 70.62 | 176.14 | 246.76 | OK | |
r-release-linux-x86_64 | 0.1.0 | 78.95 | 174.04 | 252.99 | OK | |
r-release-macos-arm64 | 0.1.0 | NOTE | ||||
r-release-macos-x86_64 | 0.1.0 | OK | ||||
r-release-windows-x86_64 | 0.1.0 | 78.00 | 218.00 | 296.00 | OK | |
r-oldrel-macos-arm64 | 0.1.0 | NOTE | ||||
r-oldrel-macos-x86_64 | 0.1.0 | OK | ||||
r-oldrel-windows-ix86+x86_64 | 0.1.0 | 210.00 | 243.00 | 453.00 | OK |
Version: 0.1.0
Check: installed package size
Result: NOTE
installed size is 5.6Mb
sub-directories of 1Mb or more:
libs 5.2Mb
Flavors: r-release-macos-arm64, r-oldrel-macos-arm64