Last updated on 2022-04-24 03:52:29 CEST.
Flavor | Version | Tinstall | Tcheck | Ttotal | Status | Flags |
---|---|---|---|---|---|---|
r-devel-linux-x86_64-debian-clang | 0.2.0 | 99.14 | 144.57 | 243.71 | OK | |
r-devel-linux-x86_64-debian-gcc | 0.2.0 | 79.99 | 108.08 | 188.07 | OK | |
r-devel-linux-x86_64-fedora-clang | 0.2.0 | 323.55 | NOTE | |||
r-devel-linux-x86_64-fedora-gcc | 0.2.0 | 288.46 | OK | |||
r-patched-linux-x86_64 | 0.2.0 | 86.93 | 137.56 | 224.49 | OK | |
r-release-linux-x86_64 | 0.2.0 | 80.10 | 127.06 | 207.16 | OK | |
r-release-macos-arm64 | 0.2.0 | NOTE | ||||
r-release-macos-x86_64 | 0.2.0 | NOTE | ||||
r-release-windows-x86_64 | 0.2.0 | 80.00 | 169.00 | 249.00 | OK | |
r-oldrel-macos-arm64 | 0.2.0 | NOTE | ||||
r-oldrel-macos-x86_64 | 0.2.0 | NOTE | ||||
r-oldrel-windows-ix86+x86_64 | 0.2.0 | 232.00 | 200.00 | 432.00 | OK |
Version: 0.2.0
Check: installed package size
Result: NOTE
installed size is 5.1Mb
sub-directories of 1Mb or more:
data 2.1Mb
libs 2.8Mb
Flavors: r-devel-linux-x86_64-fedora-clang, r-release-macos-arm64, r-release-macos-x86_64, r-oldrel-macos-arm64, r-oldrel-macos-x86_64