Last updated on 2022-04-24 03:52:30 CEST.
Flavor | Version | Tinstall | Tcheck | Ttotal | Status | Flags |
---|---|---|---|---|---|---|
r-devel-linux-x86_64-debian-clang | 0.1-04 | 1.51 | 30.99 | 32.50 | NOTE | |
r-devel-linux-x86_64-debian-gcc | 0.1-04 | 1.69 | 23.98 | 25.67 | NOTE | |
r-devel-linux-x86_64-fedora-clang | 0.1-04 | 40.93 | NOTE | |||
r-devel-linux-x86_64-fedora-gcc | 0.1-04 | 29.20 | NOTE | |||
r-patched-linux-x86_64 | 0.1-04 | 1.98 | 30.12 | 32.10 | NOTE | |
r-release-linux-x86_64 | 0.1-04 | 1.98 | 29.60 | 31.58 | NOTE | |
r-release-macos-arm64 | 0.1-04 | NOTE | ||||
r-release-macos-x86_64 | 0.1-04 | NOTE | ||||
r-release-windows-x86_64 | 0.1-04 | 14.00 | 46.00 | 60.00 | NOTE | |
r-oldrel-macos-arm64 | 0.1-04 | NOTE | ||||
r-oldrel-macos-x86_64 | 0.1-04 | NOTE | ||||
r-oldrel-windows-ix86+x86_64 | 0.1-04 | 5.00 | 25.00 | 30.00 | NOTE |
Version: 0.1-04
Check: R code for possible problems
Result: NOTE
terrestrial.season: no visible global function definition for 'is'
Undefined global functions or variables:
is
Consider adding
importFrom("methods", "is")
to your NAMESPACE file (and ensure that your DESCRIPTION Imports field
contains 'methods').
Flavors: r-devel-linux-x86_64-debian-clang, r-devel-linux-x86_64-debian-gcc, r-devel-linux-x86_64-fedora-clang, r-devel-linux-x86_64-fedora-gcc, r-patched-linux-x86_64, r-release-linux-x86_64, r-release-macos-arm64, r-release-macos-x86_64, r-release-windows-x86_64, r-oldrel-macos-arm64, r-oldrel-macos-x86_64, r-oldrel-windows-ix86+x86_64