Last updated on 2022-04-24 03:52:30 CEST.
Flavor | Version | Tinstall | Tcheck | Ttotal | Status | Flags |
---|---|---|---|---|---|---|
r-devel-linux-x86_64-debian-clang | 0.2.0 | 8.86 | 56.89 | 65.75 | OK | |
r-devel-linux-x86_64-debian-gcc | 0.2.0 | 9.74 | 44.11 | 53.85 | OK | |
r-devel-linux-x86_64-fedora-clang | 0.2.0 | 86.52 | NOTE | |||
r-devel-linux-x86_64-fedora-gcc | 0.2.0 | 72.67 | NOTE | |||
r-patched-linux-x86_64 | 0.2.0 | 15.38 | 54.43 | 69.81 | OK | |
r-release-linux-x86_64 | 0.2.0 | 10.53 | 55.04 | 65.57 | OK | |
r-release-macos-arm64 | 0.2.0 | NOTE | ||||
r-release-macos-x86_64 | 0.2.0 | NOTE | ||||
r-release-windows-x86_64 | 0.2.0 | 49.00 | 82.00 | 131.00 | OK | |
r-oldrel-macos-arm64 | 0.2.0 | NOTE | ||||
r-oldrel-macos-x86_64 | 0.2.0 | NOTE | ||||
r-oldrel-windows-ix86+x86_64 | 0.2.0 | 20.00 | 67.00 | 87.00 | OK |
Version: 0.2.0
Check: dependencies in R code
Result: NOTE
Namespaces in Imports field not imported from:
‘fs’ ‘progress’
All declared Imports should be used.
Flavors: r-devel-linux-x86_64-fedora-clang, r-devel-linux-x86_64-fedora-gcc, r-release-macos-arm64, r-release-macos-x86_64, r-oldrel-macos-arm64, r-oldrel-macos-x86_64