Last updated on 2022-04-24 03:52:30 CEST.
Flavor | Version | Tinstall | Tcheck | Ttotal | Status | Flags |
---|---|---|---|---|---|---|
r-devel-linux-x86_64-debian-clang | 1.2 | 83.19 | 48.96 | 132.15 | OK | |
r-devel-linux-x86_64-debian-gcc | 1.2 | 67.65 | 35.94 | 103.59 | OK | |
r-devel-linux-x86_64-fedora-clang | 1.2 | 192.99 | OK | |||
r-devel-linux-x86_64-fedora-gcc | 1.2 | 157.43 | OK | |||
r-patched-linux-x86_64 | 1.2 | 75.28 | 45.07 | 120.35 | OK | |
r-release-linux-x86_64 | 1.2 | 74.09 | 44.62 | 118.71 | OK | |
r-release-macos-arm64 | 1.2 | NOTE | ||||
r-release-macos-x86_64 | 1.2 | OK | ||||
r-release-windows-x86_64 | 1.2 | 86.00 | 91.00 | 177.00 | OK | |
r-oldrel-macos-arm64 | 1.2 | NOTE | ||||
r-oldrel-macos-x86_64 | 1.2 | OK | ||||
r-oldrel-windows-ix86+x86_64 | 1.2 | 199.00 | 98.00 | 297.00 | OK |
Version: 1.2
Check: installed package size
Result: NOTE
installed size is 5.3Mb
sub-directories of 1Mb or more:
libs 5.2Mb
Flavors: r-release-macos-arm64, r-oldrel-macos-arm64