Last updated on 2022-04-24 03:52:30 CEST.
Flavor | Version | Tinstall | Tcheck | Ttotal | Status | Flags |
---|---|---|---|---|---|---|
r-devel-linux-x86_64-debian-clang | 1.0.0 | 2.36 | 40.74 | 43.10 | OK | |
r-devel-linux-x86_64-debian-gcc | 1.0.0 | 1.73 | 31.08 | 32.81 | OK | |
r-devel-linux-x86_64-fedora-clang | 1.0.0 | 53.93 | OK | |||
r-devel-linux-x86_64-fedora-gcc | 1.0.0 | 39.74 | OK | |||
r-patched-linux-x86_64 | 1.0.0 | 2.24 | 39.41 | 41.65 | OK | |
r-release-linux-x86_64 | 1.0.0 | 2.07 | 36.43 | 38.50 | OK | |
r-release-macos-arm64 | 1.0.0 | ERROR | ||||
r-release-macos-x86_64 | 1.0.0 | OK | ||||
r-release-windows-x86_64 | 1.0.0 | 21.00 | 56.00 | 77.00 | OK | |
r-oldrel-macos-arm64 | 1.0.0 | ERROR | ||||
r-oldrel-macos-x86_64 | 1.0.0 | OK | ||||
r-oldrel-windows-ix86+x86_64 | 1.0.0 | 6.00 | 44.00 | 50.00 | OK |
Version: 1.0.0
Check: package dependencies
Result: ERROR
Package required but not available: ‘qusage’
See section ‘The DESCRIPTION file’ in the ‘Writing R Extensions’
manual.
Flavors: r-release-macos-arm64, r-oldrel-macos-arm64