Last updated on 2022-04-24 03:52:31 CEST.
Flavor | Version | Tinstall | Tcheck | Ttotal | Status | Flags |
---|---|---|---|---|---|---|
r-devel-linux-x86_64-debian-clang | 2.1.2 | 15.47 | 109.04 | 124.51 | OK | |
r-devel-linux-x86_64-debian-gcc | 2.1.2 | 13.34 | 81.71 | 95.05 | OK | |
r-devel-linux-x86_64-fedora-clang | 2.1.2 | 156.69 | OK | |||
r-devel-linux-x86_64-fedora-gcc | 2.1.2 | 134.87 | OK | |||
r-patched-linux-x86_64 | 2.1.2 | 13.70 | 100.54 | 114.24 | OK | |
r-release-linux-x86_64 | 2.1.2 | 12.58 | 97.75 | 110.33 | OK | |
r-release-macos-arm64 | 2.1.2 | OK | ||||
r-release-macos-x86_64 | 2.1.2 | OK | ||||
r-release-windows-x86_64 | 2.1.2 | 49.00 | 152.00 | 201.00 | OK | |
r-oldrel-macos-arm64 | 2.1.2 | OK | ||||
r-oldrel-macos-x86_64 | 2.1.2 | OK | ||||
r-oldrel-windows-ix86+x86_64 | 2.1.2 | 38.00 | 168.00 | 206.00 | WARN |
Version: 2.1.2
Check: data for ASCII and uncompressed saves
Result: WARN
Note: significantly better compression could be obtained
by using R CMD build --resave-data
old_size new_size compress
cgps.rda 1.5Mb 1.4Mb xz
Flavor: r-oldrel-windows-ix86+x86_64