Last updated on 2022-04-24 03:52:30 CEST.
| Flavor | Version | Tinstall | Tcheck | Ttotal | Status | Flags | 
|---|---|---|---|---|---|---|
| r-devel-linux-x86_64-fedora-clang | 4.0 | 88.70 | NOTE | |||
| r-devel-linux-x86_64-fedora-gcc | 4.0 | 85.40 | NOTE | |||
| r-release-macos-arm64 | 4.0 | ERROR | ||||
| r-release-macos-x86_64 | 4.0 | NOTE | ||||
| r-release-windows-x86_64 | 4.0 | 17.00 | 74.00 | 91.00 | OK | |
| r-oldrel-macos-arm64 | 4.0 | ERROR | ||||
| r-oldrel-macos-x86_64 | 4.0 | NOTE | ||||
| r-oldrel-windows-ix86+x86_64 | 4.0 | 11.00 | 57.00 | 68.00 | OK | 
Version: 4.0
Check: package dependencies
Result: NOTE
    Package suggested but not available for checking: ‘ssize’
Flavors: r-devel-linux-x86_64-fedora-clang, r-release-macos-x86_64, r-oldrel-macos-x86_64
Version: 4.0
Check: package dependencies
Result: NOTE
    Packages suggested but not available for checking:
      'ssize', 'pdInfoBuilder', 'oligo'
Flavor: r-devel-linux-x86_64-fedora-gcc
Version: 4.0
Check: whether package can be installed
Result: ERROR
    Installation failed.
Flavors: r-release-macos-arm64, r-oldrel-macos-arm64