Last updated on 2022-04-24 03:52:30 CEST.
Flavor | Version | Tinstall | Tcheck | Ttotal | Status | Flags |
---|---|---|---|---|---|---|
r-devel-linux-x86_64-debian-clang | 1.0-0 | 9.91 | 83.90 | 93.81 | NOTE | |
r-devel-linux-x86_64-debian-gcc | 1.0-0 | 7.35 | 64.45 | 71.80 | NOTE | |
r-devel-linux-x86_64-fedora-clang | 1.0-0 | 114.22 | NOTE | |||
r-devel-linux-x86_64-fedora-gcc | 1.0-0 | 100.34 | NOTE | |||
r-patched-linux-x86_64 | 1.0-0 | 7.41 | 80.78 | 88.19 | NOTE | |
r-release-linux-x86_64 | 1.0-0 | 6.47 | 77.03 | 83.50 | NOTE | |
r-release-macos-arm64 | 1.0-0 | NOTE | ||||
r-release-macos-x86_64 | 1.0-0 | NOTE | ||||
r-release-windows-x86_64 | 1.0-0 | 16.00 | 95.00 | 111.00 | NOTE | |
r-oldrel-macos-arm64 | 1.0-0 | NOTE | ||||
r-oldrel-macos-x86_64 | 1.0-0 | NOTE | ||||
r-oldrel-windows-ix86+x86_64 | 1.0-0 | 19.00 | 89.00 | 108.00 | NOTE |
Version: 1.0-0
Check: DESCRIPTION meta-information
Result: NOTE
Malformed Description field: should contain one or more complete sentences.
Flavors: r-devel-linux-x86_64-debian-clang, r-devel-linux-x86_64-debian-gcc, r-devel-linux-x86_64-fedora-clang, r-devel-linux-x86_64-fedora-gcc, r-patched-linux-x86_64, r-release-linux-x86_64, r-release-macos-arm64, r-release-macos-x86_64, r-release-windows-x86_64, r-oldrel-macos-arm64, r-oldrel-macos-x86_64, r-oldrel-windows-ix86+x86_64
Version: 1.0-0
Check: R code for possible problems
Result: NOTE
maboost.default: no visible global function definition for
'flush.console'
maboost.default: no visible binding for global variable 'na.pass'
maboost.default : predict.type: no visible global function definition
for 'predict'
maboost.formula: no visible global function definition for
'model.extract'
maboost.machine.bin: no visible global function definition for 'runif'
maboost.machine.bin: no visible binding for global variable 'na.pass'
maboost.machine.multi: no visible global function definition for
'runif'
maboost.machine.multi: no visible binding for global variable 'na.pass'
projsplx_k: no visible global function definition for 'tail'
varplot.maboost: no visible global function definition for 'dotchart'
Undefined global functions or variables:
dotchart flush.console model.extract na.pass predict runif tail
Consider adding
importFrom("graphics", "dotchart")
importFrom("stats", "model.extract", "na.pass", "predict", "runif")
importFrom("utils", "flush.console", "tail")
to your NAMESPACE file.
Flavors: r-devel-linux-x86_64-debian-clang, r-devel-linux-x86_64-debian-gcc, r-devel-linux-x86_64-fedora-clang, r-devel-linux-x86_64-fedora-gcc, r-patched-linux-x86_64, r-release-linux-x86_64, r-release-macos-arm64, r-release-macos-x86_64, r-release-windows-x86_64, r-oldrel-macos-arm64, r-oldrel-macos-x86_64, r-oldrel-windows-ix86+x86_64