Last updated on 2022-04-24 03:52:30 CEST.
Flavor | Version | Tinstall | Tcheck | Ttotal | Status | Flags |
---|---|---|---|---|---|---|
r-devel-linux-x86_64-debian-clang | 0.2.0 | 21.52 | 189.74 | 211.26 | OK | |
r-devel-linux-x86_64-debian-gcc | 0.2.0 | 17.12 | 142.48 | 159.60 | OK | |
r-devel-linux-x86_64-fedora-clang | 0.2.0 | 250.97 | NOTE | |||
r-devel-linux-x86_64-fedora-gcc | 0.2.0 | 233.90 | NOTE | |||
r-patched-linux-x86_64 | 0.2.0 | 27.83 | 174.30 | 202.13 | OK | |
r-release-linux-x86_64 | 0.2.0 | 18.40 | 164.03 | 182.43 | OK | |
r-release-macos-arm64 | 0.2.0 | NOTE | ||||
r-release-macos-x86_64 | 0.2.0 | NOTE | ||||
r-release-windows-x86_64 | 0.2.0 | 27.00 | 188.00 | 215.00 | OK | |
r-oldrel-macos-arm64 | 0.2.0 | NOTE | ||||
r-oldrel-macos-x86_64 | 0.2.0 | NOTE | ||||
r-oldrel-windows-ix86+x86_64 | 0.2.0 | 47.00 | 181.00 | 228.00 | OK |
Version: 0.2.0
Check: dependencies in R code
Result: NOTE
Namespace in Imports field not imported from: ‘mathjaxr’
All declared Imports should be used.
Flavors: r-devel-linux-x86_64-fedora-clang, r-devel-linux-x86_64-fedora-gcc, r-release-macos-arm64, r-release-macos-x86_64, r-oldrel-macos-arm64, r-oldrel-macos-x86_64