Last updated on 2022-04-24 03:52:30 CEST.
Flavor | Version | Tinstall | Tcheck | Ttotal | Status | Flags |
---|---|---|---|---|---|---|
r-devel-linux-x86_64-debian-clang | 0.1 | 2.04 | 34.25 | 36.29 | NOTE | |
r-devel-linux-x86_64-debian-gcc | 0.1 | 1.83 | 26.86 | 28.69 | NOTE | |
r-devel-linux-x86_64-fedora-clang | 0.1 | 45.92 | OK | |||
r-devel-linux-x86_64-fedora-gcc | 0.1 | 33.89 | OK | |||
r-patched-linux-x86_64 | 0.1 | 1.79 | 32.89 | 34.68 | NOTE | |
r-release-linux-x86_64 | 0.1 | 1.96 | 32.03 | 33.99 | NOTE | |
r-release-macos-arm64 | 0.1 | OK | ||||
r-release-macos-x86_64 | 0.1 | OK | ||||
r-release-windows-x86_64 | 0.1 | 12.00 | 57.00 | 69.00 | NOTE | |
r-oldrel-macos-arm64 | 0.1 | OK | ||||
r-oldrel-macos-x86_64 | 0.1 | OK | ||||
r-oldrel-windows-ix86+x86_64 | 0.1 | 5.00 | 42.00 | 47.00 | NOTE |
Version: 0.1
Check: package vignettes
Result: NOTE
Package vignette with placeholder title 'Vignette Title':
'maddison_project_database.Rmd'
Flavors: r-devel-linux-x86_64-debian-clang, r-devel-linux-x86_64-debian-gcc, r-patched-linux-x86_64, r-release-linux-x86_64, r-release-windows-x86_64, r-oldrel-windows-ix86+x86_64