Last updated on 2022-04-24 03:52:30 CEST.
Flavor | Version | Tinstall | Tcheck | Ttotal | Status | Flags |
---|---|---|---|---|---|---|
r-devel-linux-x86_64-debian-clang | 1.0.0 | 2.38 | 34.40 | 36.78 | NOTE | |
r-devel-linux-x86_64-debian-gcc | 1.0.0 | 1.91 | 26.35 | 28.26 | NOTE | |
r-devel-linux-x86_64-fedora-clang | 1.0.0 | 45.66 | NOTE | |||
r-devel-linux-x86_64-fedora-gcc | 1.0.0 | 33.70 | NOTE | |||
r-patched-linux-x86_64 | 1.0.0 | 2.71 | 33.58 | 36.29 | NOTE | |
r-release-linux-x86_64 | 1.0.0 | 2.42 | 32.90 | 35.32 | NOTE | |
r-release-macos-arm64 | 1.0.0 | NOTE | ||||
r-release-macos-x86_64 | 1.0.0 | NOTE | ||||
r-release-windows-x86_64 | 1.0.0 | 19.00 | 47.00 | 66.00 | NOTE | |
r-oldrel-macos-arm64 | 1.0.0 | NOTE | ||||
r-oldrel-macos-x86_64 | 1.0.0 | NOTE | ||||
r-oldrel-windows-ix86+x86_64 | 1.0.0 | 6.00 | 26.00 | 32.00 | NOTE |
Version: 1.0.0
Check: LazyData
Result: NOTE
'LazyData' is specified without a 'data' directory
Flavors: r-devel-linux-x86_64-debian-clang, r-devel-linux-x86_64-debian-gcc, r-devel-linux-x86_64-fedora-clang, r-devel-linux-x86_64-fedora-gcc, r-patched-linux-x86_64, r-release-linux-x86_64, r-release-macos-arm64, r-release-macos-x86_64, r-release-windows-x86_64, r-oldrel-macos-arm64, r-oldrel-macos-x86_64, r-oldrel-windows-ix86+x86_64