Last updated on 2022-04-24 03:52:30 CEST.
Flavor | Version | Tinstall | Tcheck | Ttotal | Status | Flags |
---|---|---|---|---|---|---|
r-devel-linux-x86_64-debian-clang | 6.0.9 | 10.26 | 149.98 | 160.24 | OK | |
r-devel-linux-x86_64-debian-gcc | 6.0.9 | 8.65 | 107.93 | 116.58 | OK | |
r-devel-linux-x86_64-fedora-clang | 6.0.9 | 193.37 | NOTE | |||
r-devel-linux-x86_64-fedora-gcc | 6.0.9 | 176.48 | NOTE | |||
r-patched-linux-x86_64 | 6.0.9 | 10.61 | 140.48 | 151.09 | OK | |
r-release-linux-x86_64 | 6.0.9 | 9.49 | 138.21 | 147.70 | OK | |
r-release-macos-arm64 | 6.0.9 | NOTE | ||||
r-release-macos-x86_64 | 6.0.9 | NOTE | ||||
r-release-windows-x86_64 | 6.0.9 | 84.00 | 184.00 | 268.00 | OK | |
r-oldrel-macos-arm64 | 6.0.9 | NOTE | ||||
r-oldrel-macos-x86_64 | 6.0.9 | NOTE | ||||
r-oldrel-windows-ix86+x86_64 | 6.0.9 | 21.00 | 178.00 | 199.00 | OK |
Version: 6.0.9
Check: dependencies in R code
Result: NOTE
Namespaces in Imports field not imported from:
‘maptools’ ‘sp’
All declared Imports should be used.
Flavors: r-devel-linux-x86_64-fedora-clang, r-devel-linux-x86_64-fedora-gcc, r-release-macos-arm64, r-release-macos-x86_64, r-oldrel-macos-arm64, r-oldrel-macos-x86_64