Last updated on 2022-04-24 03:52:30 CEST.
Flavor | Version | Tinstall | Tcheck | Ttotal | Status | Flags |
---|---|---|---|---|---|---|
r-devel-linux-x86_64-debian-clang | 1.1.5 | 412.45 | 186.06 | 598.51 | OK | |
r-devel-linux-x86_64-debian-gcc | 1.1.5 | 343.06 | 136.39 | 479.45 | OK | |
r-devel-linux-x86_64-fedora-clang | 1.1.5 | 954.00 | NOTE | |||
r-devel-linux-x86_64-fedora-gcc | 1.1.5 | 764.41 | OK | |||
r-patched-linux-x86_64 | 1.1.5 | 358.07 | 179.04 | 537.11 | OK | |
r-release-linux-x86_64 | 1.1.5 | 367.75 | 180.12 | 547.87 | OK | |
r-release-macos-arm64 | 1.1.5 | NOTE | ||||
r-release-macos-x86_64 | 1.1.5 | NOTE | ||||
r-release-windows-x86_64 | 1.1.5 | 300.00 | 231.00 | 531.00 | OK | |
r-oldrel-macos-arm64 | 1.1.5 | NOTE | ||||
r-oldrel-macos-x86_64 | 1.1.5 | NOTE | ||||
r-oldrel-windows-ix86+x86_64 | 1.1.5 | 932.00 | 393.00 | 1325.00 | NOTE |
Version: 1.1.5
Check: installed package size
Result: NOTE
installed size is 20.8Mb
sub-directories of 1Mb or more:
libs 19.4Mb
Flavors: r-devel-linux-x86_64-fedora-clang, r-release-macos-arm64, r-release-macos-x86_64, r-oldrel-macos-arm64, r-oldrel-macos-x86_64, r-oldrel-windows-ix86+x86_64