Last updated on 2022-04-24 03:52:30 CEST.
Flavor | Version | Tinstall | Tcheck | Ttotal | Status | Flags |
---|---|---|---|---|---|---|
r-devel-linux-x86_64-debian-clang | 2.7.3 | 146.15 | 267.62 | 413.77 | OK | |
r-devel-linux-x86_64-debian-gcc | 2.7.3 | 109.95 | 196.05 | 306.00 | OK | |
r-devel-linux-x86_64-fedora-clang | 2.7.3 | 564.47 | NOTE | |||
r-devel-linux-x86_64-fedora-gcc | 2.7.3 | 463.90 | OK | |||
r-patched-linux-x86_64 | 2.7.3 | 122.89 | 210.05 | 332.94 | OK | |
r-release-linux-x86_64 | 2.7.3 | 124.96 | 221.05 | 346.01 | OK | |
r-release-macos-arm64 | 2.7.3 | NOTE | ||||
r-release-macos-x86_64 | 2.7.3 | NOTE | ||||
r-release-windows-x86_64 | 2.7.3 | 185.00 | 399.00 | 584.00 | NOTE | |
r-oldrel-macos-arm64 | 2.7.3 | NOTE | ||||
r-oldrel-macos-x86_64 | 2.7.3 | NOTE | ||||
r-oldrel-windows-ix86+x86_64 | 2.7.3 | 376.00 | 502.00 | 878.00 | NOTE |
Version: 2.7.3
Check: installed package size
Result: NOTE
installed size is 11.7Mb
sub-directories of 1Mb or more:
doc 6.6Mb
libs 4.7Mb
Flavors: r-devel-linux-x86_64-fedora-clang, r-release-macos-arm64, r-release-macos-x86_64, r-release-windows-x86_64, r-oldrel-macos-arm64, r-oldrel-macos-x86_64, r-oldrel-windows-ix86+x86_64