Last updated on 2022-04-24 03:52:30 CEST.
Flavor | Version | Tinstall | Tcheck | Ttotal | Status | Flags |
---|---|---|---|---|---|---|
r-devel-linux-x86_64-debian-clang | 1.0.2 | 3.23 | 89.13 | 92.36 | OK | |
r-devel-linux-x86_64-debian-gcc | 1.0.2 | 2.17 | 66.28 | 68.45 | OK | |
r-devel-linux-x86_64-fedora-clang | 1.0.2 | 116.64 | OK | |||
r-devel-linux-x86_64-fedora-gcc | 1.0.2 | 101.25 | OK | |||
r-patched-linux-x86_64 | 1.0.2 | 2.51 | 83.55 | 86.06 | OK | |
r-release-linux-x86_64 | 1.0.2 | 2.07 | 85.04 | 87.11 | OK | |
r-release-macos-arm64 | 1.0.2 | OK | ||||
r-release-macos-x86_64 | 1.0.2 | NOTE | ||||
r-release-windows-x86_64 | 1.0.2 | 19.00 | 114.00 | 133.00 | OK | |
r-oldrel-macos-arm64 | 1.0.2 | OK | ||||
r-oldrel-macos-x86_64 | 1.0.2 | NOTE | ||||
r-oldrel-windows-ix86+x86_64 | 1.0.2 | 7.00 | 106.00 | 113.00 | OK |
Version: 1.0.2
Check: package dependencies
Result: NOTE
Package suggested but not available for checking: ‘dittoSeq’
Flavors: r-release-macos-x86_64, r-oldrel-macos-x86_64