Last updated on 2022-04-24 03:52:30 CEST.
Flavor | Version | Tinstall | Tcheck | Ttotal | Status | Flags |
---|---|---|---|---|---|---|
r-devel-linux-x86_64-debian-clang | 1.0 | 1.65 | 28.19 | 29.84 | NOTE | |
r-devel-linux-x86_64-debian-gcc | 1.0 | 1.53 | 22.26 | 23.79 | NOTE | |
r-devel-linux-x86_64-fedora-clang | 1.0 | 37.55 | NOTE | |||
r-devel-linux-x86_64-fedora-gcc | 1.0 | 25.69 | NOTE | |||
r-patched-linux-x86_64 | 1.0 | 1.85 | 27.45 | 29.30 | NOTE | |
r-release-linux-x86_64 | 1.0 | 1.69 | 27.03 | 28.72 | NOTE | |
r-release-macos-arm64 | 1.0 | NOTE | ||||
r-release-macos-x86_64 | 1.0 | NOTE | ||||
r-release-windows-x86_64 | 1.0 | 11.00 | 43.00 | 54.00 | NOTE | |
r-oldrel-macos-arm64 | 1.0 | NOTE | ||||
r-oldrel-macos-x86_64 | 1.0 | NOTE | ||||
r-oldrel-windows-ix86+x86_64 | 1.0 | 4.00 | 22.00 | 26.00 | NOTE |
Version: 1.0
Check: DESCRIPTION meta-information
Result: NOTE
Malformed Description field: should contain one or more complete sentences.
Flavors: r-devel-linux-x86_64-debian-clang, r-devel-linux-x86_64-debian-gcc, r-devel-linux-x86_64-fedora-clang, r-devel-linux-x86_64-fedora-gcc, r-patched-linux-x86_64, r-release-linux-x86_64, r-release-macos-arm64, r-release-macos-x86_64, r-release-windows-x86_64, r-oldrel-macos-arm64, r-oldrel-macos-x86_64, r-oldrel-windows-ix86+x86_64