Last updated on 2022-04-24 03:52:30 CEST.
Flavor | Version | Tinstall | Tcheck | Ttotal | Status | Flags |
---|---|---|---|---|---|---|
r-devel-linux-x86_64-debian-clang | 1.0.2 | 318.63 | 112.26 | 430.89 | OK | |
r-devel-linux-x86_64-debian-gcc | 1.0.2 | 257.36 | 82.19 | 339.55 | OK | |
r-devel-linux-x86_64-fedora-clang | 1.0.2 | 639.28 | NOTE | |||
r-devel-linux-x86_64-fedora-gcc | 1.0.2 | 556.97 | OK | |||
r-patched-linux-x86_64 | 1.0.2 | 273.77 | 103.76 | 377.53 | OK | |
r-release-linux-x86_64 | 1.0.2 | 283.42 | 105.31 | 388.73 | OK | |
r-release-macos-arm64 | 1.0.2 | NOTE | ||||
r-release-macos-x86_64 | 1.0.2 | NOTE | ||||
r-release-windows-x86_64 | 1.0.2 | 280.00 | 165.00 | 445.00 | OK | |
r-oldrel-macos-arm64 | 1.0.2 | NOTE | ||||
r-oldrel-macos-x86_64 | 1.0.2 | NOTE | ||||
r-oldrel-windows-ix86+x86_64 | 1.0.2 | 759.00 | 184.00 | 943.00 | OK |
Version: 1.0.2
Check: installed package size
Result: NOTE
installed size is 8.6Mb
sub-directories of 1Mb or more:
libs 7.6Mb
Flavors: r-devel-linux-x86_64-fedora-clang, r-release-macos-arm64, r-release-macos-x86_64, r-oldrel-macos-arm64, r-oldrel-macos-x86_64