Last updated on 2022-04-24 03:52:30 CEST.
Flavor | Version | Tinstall | Tcheck | Ttotal | Status | Flags |
---|---|---|---|---|---|---|
r-devel-linux-x86_64-debian-clang | 1.0 | 3.78 | 48.26 | 52.04 | NOTE | |
r-devel-linux-x86_64-debian-gcc | 1.0 | 3.32 | 36.19 | 39.51 | NOTE | |
r-devel-linux-x86_64-fedora-clang | 1.0 | 60.42 | NOTE | |||
r-devel-linux-x86_64-fedora-gcc | 1.0 | 49.16 | NOTE | |||
r-patched-linux-x86_64 | 1.0 | 4.31 | 45.15 | 49.46 | NOTE | |
r-release-linux-x86_64 | 1.0 | 3.53 | 43.12 | 46.65 | NOTE | |
r-release-macos-arm64 | 1.0 | NOTE | ||||
r-release-macos-x86_64 | 1.0 | NOTE | ||||
r-release-windows-x86_64 | 1.0 | 16.00 | 67.00 | 83.00 | NOTE | |
r-oldrel-macos-arm64 | 1.0 | NOTE | ||||
r-oldrel-macos-x86_64 | 1.0 | NOTE | ||||
r-oldrel-windows-ix86+x86_64 | 1.0 | 9.00 | 43.00 | 52.00 | NOTE |
Version: 1.0
Check: dependencies in R code
Result: NOTE
Package in Depends field not imported from: 'rJava'
These packages need to be imported from (in the NAMESPACE file)
for when this namespace is loaded but not attached.
Flavors: r-devel-linux-x86_64-debian-clang, r-devel-linux-x86_64-debian-gcc, r-devel-linux-x86_64-fedora-clang, r-devel-linux-x86_64-fedora-gcc, r-patched-linux-x86_64, r-release-linux-x86_64, r-release-macos-arm64, r-release-macos-x86_64, r-release-windows-x86_64, r-oldrel-macos-arm64, r-oldrel-macos-x86_64, r-oldrel-windows-ix86+x86_64
Version: 1.0
Check: R code for possible problems
Result: NOTE
MalletLDA: no visible global function definition for '.jnew'
mallet.doc.topics: no visible global function definition for
'.jevalArray'
mallet.import: no visible global function definition for 'J'
mallet.import: no visible global function definition for '.jnew'
mallet.import: no visible global function definition for '.jcast'
mallet.subset.topic.words: no visible global function definition for
'.jevalArray'
mallet.topic.hclust: no visible global function definition for 'hclust'
mallet.topic.hclust: no visible global function definition for 'dist'
mallet.topic.words: no visible global function definition for
'.jevalArray'
mallet.word.freqs: no visible global function definition for
'.jevalArray'
Undefined global functions or variables:
.jcast .jevalArray .jnew J dist hclust
Consider adding
importFrom("stats", "dist", "hclust")
to your NAMESPACE file.
Flavors: r-devel-linux-x86_64-debian-clang, r-devel-linux-x86_64-debian-gcc, r-devel-linux-x86_64-fedora-clang, r-devel-linux-x86_64-fedora-gcc, r-patched-linux-x86_64, r-release-linux-x86_64, r-release-macos-arm64, r-release-macos-x86_64, r-release-windows-x86_64, r-oldrel-macos-arm64, r-oldrel-macos-x86_64, r-oldrel-windows-ix86+x86_64