Last updated on 2022-04-24 03:52:30 CEST.
Flavor | Version | Tinstall | Tcheck | Ttotal | Status | Flags |
---|---|---|---|---|---|---|
r-devel-linux-x86_64-debian-clang | 0.1.0 | 2.16 | 28.93 | 31.09 | OK | |
r-devel-linux-x86_64-debian-gcc | 0.1.0 | 1.79 | 22.52 | 24.31 | OK | |
r-devel-linux-x86_64-fedora-clang | 0.1.0 | 39.88 | NOTE | |||
r-devel-linux-x86_64-fedora-gcc | 0.1.0 | 26.47 | NOTE | |||
r-patched-linux-x86_64 | 0.1.0 | 2.40 | 28.29 | 30.69 | OK | |
r-release-linux-x86_64 | 0.1.0 | 2.01 | 27.50 | 29.51 | OK | |
r-release-macos-arm64 | 0.1.0 | NOTE | ||||
r-release-macos-x86_64 | 0.1.0 | NOTE | ||||
r-release-windows-x86_64 | 0.1.0 | 13.00 | 44.00 | 57.00 | OK | |
r-oldrel-macos-arm64 | 0.1.0 | NOTE | ||||
r-oldrel-macos-x86_64 | 0.1.0 | NOTE | ||||
r-oldrel-windows-ix86+x86_64 | 0.1.0 | 10.00 | 34.00 | 44.00 | OK |
Version: 0.1.0
Check: data for non-ASCII characters
Result: NOTE
Note: found 17524 marked UTF-8 strings
Flavors: r-devel-linux-x86_64-fedora-clang, r-devel-linux-x86_64-fedora-gcc, r-release-macos-arm64, r-release-macos-x86_64, r-oldrel-macos-arm64, r-oldrel-macos-x86_64