Last updated on 2022-04-24 03:52:30 CEST.
Flavor | Version | Tinstall | Tcheck | Ttotal | Status | Flags |
---|---|---|---|---|---|---|
r-devel-linux-x86_64-debian-clang | 0.7.3 | 9.36 | 257.52 | 266.88 | OK | |
r-devel-linux-x86_64-debian-gcc | 0.7.3 | 7.30 | 185.64 | 192.94 | OK | |
r-devel-linux-x86_64-fedora-clang | 0.7.3 | 330.20 | NOTE | |||
r-devel-linux-x86_64-fedora-gcc | 0.7.3 | 286.89 | NOTE | |||
r-patched-linux-x86_64 | 0.7.3 | 7.61 | 239.05 | 246.66 | OK | |
r-release-linux-x86_64 | 0.7.3 | 7.98 | 232.13 | 240.11 | OK | |
r-release-macos-arm64 | 0.7.3 | NOTE | ||||
r-release-macos-x86_64 | 0.7.3 | NOTE | ||||
r-release-windows-x86_64 | 0.7.3 | 26.00 | 392.00 | 418.00 | OK | |
r-oldrel-macos-arm64 | 0.7.3 | NOTE | ||||
r-oldrel-macos-x86_64 | 0.7.3 | NOTE | ||||
r-oldrel-windows-ix86+x86_64 | 0.7.3 | 19.00 | 364.00 | 383.00 | OK |
Version: 0.7.3
Check: dependencies in R code
Result: NOTE
Namespaces in Imports field not imported from:
‘covr’ ‘pkgdown’ ‘roxygen2’
All declared Imports should be used.
Flavors: r-devel-linux-x86_64-fedora-clang, r-devel-linux-x86_64-fedora-gcc, r-release-macos-arm64, r-release-macos-x86_64, r-oldrel-macos-arm64, r-oldrel-macos-x86_64
Version: 0.7.3
Check: data for non-ASCII characters
Result: NOTE
Note: found 14 marked UTF-8 strings
Flavors: r-devel-linux-x86_64-fedora-clang, r-devel-linux-x86_64-fedora-gcc, r-release-macos-arm64, r-release-macos-x86_64, r-oldrel-macos-arm64, r-oldrel-macos-x86_64