Last updated on 2022-04-24 03:52:30 CEST.
Flavor | Version | Tinstall | Tcheck | Ttotal | Status | Flags |
---|---|---|---|---|---|---|
r-devel-linux-x86_64-debian-clang | 0.2.4 | 124.88 | 110.48 | 235.36 | OK | |
r-devel-linux-x86_64-debian-gcc | 0.2.4 | 100.70 | 83.05 | 183.75 | OK | |
r-devel-linux-x86_64-fedora-clang | 0.2.4 | 352.18 | OK | |||
r-devel-linux-x86_64-fedora-gcc | 0.2.4 | 303.81 | OK | |||
r-patched-linux-x86_64 | 0.2.4 | 105.57 | 104.93 | 210.50 | OK | |
r-release-linux-x86_64 | 0.2.4 | 112.40 | 98.69 | 211.09 | OK | |
r-release-macos-arm64 | 0.2.4 | NOTE | ||||
r-release-macos-x86_64 | 0.2.4 | NOTE | ||||
r-release-windows-x86_64 | 0.2.4 | 112.00 | 152.00 | 264.00 | OK | |
r-oldrel-macos-arm64 | 0.2.4 | NOTE | ||||
r-oldrel-macos-x86_64 | 0.2.4 | NOTE | ||||
r-oldrel-windows-ix86+x86_64 | 0.2.4 | 296.00 | 171.00 | 467.00 | OK |
Version: 0.2.4
Check: installed package size
Result: NOTE
installed size is 7.2Mb
sub-directories of 1Mb or more:
libs 6.9Mb
Flavors: r-release-macos-arm64, r-release-macos-x86_64, r-oldrel-macos-arm64, r-oldrel-macos-x86_64