Last updated on 2022-04-24 03:52:30 CEST.
Flavor | Version | Tinstall | Tcheck | Ttotal | Status | Flags |
---|---|---|---|---|---|---|
r-devel-linux-x86_64-debian-clang | 0.6.1 | 8.62 | 188.19 | 196.81 | OK | |
r-devel-linux-x86_64-debian-gcc | 0.6.1 | 6.11 | 142.42 | 148.53 | OK | |
r-devel-linux-x86_64-fedora-clang | 0.6.1 | 213.72 | NOTE | |||
r-devel-linux-x86_64-fedora-gcc | 0.6.1 | 231.45 | NOTE | |||
r-patched-linux-x86_64 | 0.6.1 | 8.11 | 182.13 | 190.24 | OK | |
r-release-linux-x86_64 | 0.6.1 | 7.97 | 170.59 | 178.56 | OK | |
r-release-macos-arm64 | 0.6.1 | NOTE | ||||
r-release-macos-x86_64 | 0.6.1 | NOTE | ||||
r-release-windows-x86_64 | 0.6.1 | 36.00 | 185.00 | 221.00 | OK | |
r-oldrel-macos-arm64 | 0.6.1 | NOTE | ||||
r-oldrel-macos-x86_64 | 0.6.1 | NOTE | ||||
r-oldrel-windows-ix86+x86_64 | 0.6.1 | 20.00 | 187.00 | 207.00 | OK |
Version: 0.6.1
Check: data for non-ASCII characters
Result: NOTE
Note: found 13062 marked UTF-8 strings
Flavors: r-devel-linux-x86_64-fedora-clang, r-devel-linux-x86_64-fedora-gcc, r-release-macos-arm64, r-release-macos-x86_64, r-oldrel-macos-arm64, r-oldrel-macos-x86_64