Last updated on 2022-04-24 03:52:30 CEST.
| Flavor | Version | Tinstall | Tcheck | Ttotal | Status | Flags | 
|---|---|---|---|---|---|---|
| r-devel-linux-x86_64-debian-clang | 2.4 | 13.99 | 151.55 | 165.54 | NOTE | |
| r-devel-linux-x86_64-debian-gcc | 2.4 | 10.24 | 112.05 | 122.29 | NOTE | |
| r-devel-linux-x86_64-fedora-clang | 2.4 | 200.16 | NOTE | |||
| r-devel-linux-x86_64-fedora-gcc | 2.4 | 185.24 | NOTE | |||
| r-patched-linux-x86_64 | 2.4 | 18.05 | 140.72 | 158.77 | NOTE | |
| r-release-linux-x86_64 | 2.4 | 8.25 | 129.49 | 137.74 | NOTE | |
| r-release-macos-arm64 | 2.4 | NOTE | ||||
| r-release-macos-x86_64 | 2.4 | NOTE | ||||
| r-release-windows-x86_64 | 2.4 | 23.00 | 189.00 | 212.00 | NOTE | |
| r-oldrel-macos-arm64 | 2.4 | NOTE | ||||
| r-oldrel-macos-x86_64 | 2.4 | NOTE | ||||
| r-oldrel-windows-ix86+x86_64 | 2.4 | 40.00 | 203.00 | 243.00 | NOTE | 
Version: 2.4
Check: R code for possible problems
Result: NOTE
    calcStats: no visible global function definition for 'as.formula'
    calcStats: no visible global function definition for 'na.omit'
    Undefined global functions or variables:
      as.formula na.omit
    Consider adding
      importFrom("stats", "as.formula", "na.omit")
    to your NAMESPACE file.
Flavors: r-devel-linux-x86_64-debian-clang, r-devel-linux-x86_64-debian-gcc, r-devel-linux-x86_64-fedora-clang, r-devel-linux-x86_64-fedora-gcc, r-patched-linux-x86_64, r-release-linux-x86_64, r-release-macos-arm64, r-release-macos-x86_64, r-release-windows-x86_64, r-oldrel-macos-arm64, r-oldrel-macos-x86_64, r-oldrel-windows-ix86+x86_64