Last updated on 2022-04-24 03:52:30 CEST.
Flavor | Version | Tinstall | Tcheck | Ttotal | Status | Flags |
---|---|---|---|---|---|---|
r-devel-linux-x86_64-debian-clang | 0.0.1 | 6.60 | 55.16 | 61.76 | OK | |
r-devel-linux-x86_64-debian-gcc | 0.0.1 | 3.97 | 41.76 | 45.73 | OK | |
r-devel-linux-x86_64-fedora-clang | 0.0.1 | 73.49 | NOTE | |||
r-devel-linux-x86_64-fedora-gcc | 0.0.1 | 60.92 | NOTE | |||
r-patched-linux-x86_64 | 0.0.1 | 5.81 | 51.69 | 57.50 | OK | |
r-release-linux-x86_64 | 0.0.1 | 6.25 | 39.53 | 45.78 | OK | |
r-release-macos-arm64 | 0.0.1 | NOTE | ||||
r-release-macos-x86_64 | 0.0.1 | NOTE | ||||
r-release-windows-x86_64 | 0.0.1 | 36.00 | 82.00 | 118.00 | OK | |
r-oldrel-macos-arm64 | 0.0.1 | NOTE | ||||
r-oldrel-macos-x86_64 | 0.0.1 | NOTE | ||||
r-oldrel-windows-ix86+x86_64 | 0.0.1 | 14.00 | 52.00 | 66.00 | OK |
Version: 0.0.1
Check: dependencies in R code
Result: NOTE
Namespace in Imports field not imported from: ‘dplyr’
All declared Imports should be used.
Flavors: r-devel-linux-x86_64-fedora-clang, r-devel-linux-x86_64-fedora-gcc, r-release-macos-arm64, r-release-macos-x86_64, r-oldrel-macos-arm64, r-oldrel-macos-x86_64
Version: 0.0.1
Check: data for non-ASCII characters
Result: NOTE
Note: found 3058 marked UTF-8 strings
Flavors: r-devel-linux-x86_64-fedora-clang, r-devel-linux-x86_64-fedora-gcc, r-release-macos-arm64, r-release-macos-x86_64, r-oldrel-macos-arm64, r-oldrel-macos-x86_64