Last updated on 2022-04-24 03:52:30 CEST.
Flavor | Version | Tinstall | Tcheck | Ttotal | Status | Flags |
---|---|---|---|---|---|---|
r-devel-linux-x86_64-debian-clang | 0.1.0 | 4.56 | 67.28 | 71.84 | OK | |
r-devel-linux-x86_64-debian-gcc | 0.1.0 | 4.49 | 50.85 | 55.34 | OK | |
r-devel-linux-x86_64-fedora-clang | 0.1.0 | 85.62 | NOTE | |||
r-devel-linux-x86_64-fedora-gcc | 0.1.0 | 71.01 | NOTE | |||
r-patched-linux-x86_64 | 0.1.0 | 4.61 | 63.45 | 68.06 | OK | |
r-release-linux-x86_64 | 0.1.0 | 3.57 | 60.05 | 63.62 | OK | |
r-release-macos-arm64 | 0.1.0 | NOTE | ||||
r-release-macos-x86_64 | 0.1.0 | NOTE | ||||
r-release-windows-x86_64 | 0.1.0 | 14.00 | 79.00 | 93.00 | OK | |
r-oldrel-macos-arm64 | 0.1.0 | NOTE | ||||
r-oldrel-macos-x86_64 | 0.1.0 | NOTE | ||||
r-oldrel-windows-ix86+x86_64 | 0.1.0 | 15.00 | 71.00 | 86.00 | OK |
Version: 0.1.0
Check: data for non-ASCII characters
Result: NOTE
Note: found 11396 marked UTF-8 strings
Flavors: r-devel-linux-x86_64-fedora-clang, r-devel-linux-x86_64-fedora-gcc, r-release-macos-arm64, r-release-macos-x86_64, r-oldrel-macos-arm64, r-oldrel-macos-x86_64
Version: 0.1.0
Check: package dependencies
Result: NOTE
Package suggested but not available for checking: ‘showtext’
Flavors: r-release-macos-arm64, r-oldrel-macos-arm64