Last updated on 2022-04-24 03:52:30 CEST.
Flavor | Version | Tinstall | Tcheck | Ttotal | Status | Flags |
---|---|---|---|---|---|---|
r-devel-linux-x86_64-debian-clang | 2.3.0 | 15.05 | 33.80 | 48.85 | OK | |
r-devel-linux-x86_64-debian-gcc | 2.3.0 | 12.29 | 25.86 | 38.15 | OK | |
r-devel-linux-x86_64-fedora-clang | 2.3.0 | 60.24 | NOTE | |||
r-devel-linux-x86_64-fedora-gcc | 2.3.0 | 48.05 | OK | |||
r-patched-linux-x86_64 | 2.3.0 | 17.94 | 32.43 | 50.37 | OK | |
r-release-linux-x86_64 | 2.3.0 | 18.31 | 31.93 | 50.24 | OK | |
r-release-macos-arm64 | 2.3.0 | NOTE | ||||
r-release-macos-x86_64 | 2.3.0 | NOTE | ||||
r-release-windows-x86_64 | 2.3.0 | 70.00 | 48.00 | 118.00 | NOTE | |
r-oldrel-macos-arm64 | 2.3.0 | NOTE | ||||
r-oldrel-macos-x86_64 | 2.3.0 | NOTE | ||||
r-oldrel-windows-ix86+x86_64 | 2.3.0 | 72.00 | 39.00 | 111.00 | NOTE |
Version: 2.3.0
Check: installed package size
Result: NOTE
installed size is 33.5Mb
sub-directories of 1Mb or more:
mapdata 33.4Mb
Flavors: r-devel-linux-x86_64-fedora-clang, r-release-macos-arm64, r-release-macos-x86_64, r-release-windows-x86_64, r-oldrel-macos-arm64, r-oldrel-macos-x86_64, r-oldrel-windows-ix86+x86_64