Last updated on 2022-04-24 03:52:30 CEST.
Flavor | Version | Tinstall | Tcheck | Ttotal | Status | Flags |
---|---|---|---|---|---|---|
r-devel-linux-x86_64-debian-clang | 0.3.4 | 328.29 | 70.80 | 399.09 | OK | |
r-devel-linux-x86_64-debian-gcc | 0.3.4 | 299.22 | 53.06 | 352.28 | OK | |
r-devel-linux-x86_64-fedora-clang | 0.3.4 | 525.03 | NOTE | |||
r-devel-linux-x86_64-fedora-gcc | 0.3.4 | 558.95 | OK | |||
r-patched-linux-x86_64 | 0.3.4 | 304.68 | 67.89 | 372.57 | OK | |
r-release-linux-x86_64 | 0.3.4 | 314.80 | 65.11 | 379.91 | OK | |
r-release-macos-arm64 | 0.3.4 | NOTE | ||||
r-release-macos-x86_64 | 0.3.4 | NOTE | ||||
r-release-windows-x86_64 | 0.3.4 | 251.00 | 136.00 | 387.00 | NOTE | |
r-oldrel-macos-arm64 | 0.3.4 | NOTE | ||||
r-oldrel-macos-x86_64 | 0.3.4 | NOTE | ||||
r-oldrel-windows-ix86+x86_64 | 0.3.4 | 645.00 | 123.00 | 768.00 | NOTE |
Version: 0.3.4
Check: installed package size
Result: NOTE
installed size is 25.8Mb
sub-directories of 1Mb or more:
data 1.3Mb
doc 1.6Mb
htmlwidgets 2.3Mb
libs 20.2Mb
Flavors: r-devel-linux-x86_64-fedora-clang, r-release-macos-arm64, r-release-macos-x86_64, r-release-windows-x86_64, r-oldrel-macos-arm64, r-oldrel-macos-x86_64, r-oldrel-windows-ix86+x86_64