Last updated on 2022-04-24 03:52:30 CEST.
Flavor | Version | Tinstall | Tcheck | Ttotal | Status | Flags |
---|---|---|---|---|---|---|
r-devel-linux-x86_64-debian-clang | 0.9.7 | 80.59 | 102.48 | 183.07 | NOTE | |
r-devel-linux-x86_64-debian-gcc | 0.9.7 | 60.23 | 77.57 | 137.80 | NOTE | |
r-devel-linux-x86_64-fedora-clang | 0.9.7 | 259.14 | NOTE | |||
r-devel-linux-x86_64-fedora-gcc | 0.9.7 | 207.39 | NOTE | |||
r-patched-linux-x86_64 | 0.9.7 | 67.66 | 97.42 | 165.08 | NOTE | |
r-release-linux-x86_64 | 0.9.7 | 69.36 | 92.71 | 162.07 | NOTE | |
r-release-macos-arm64 | 0.9.7 | NOTE | ||||
r-release-macos-x86_64 | 0.9.7 | NOTE | ||||
r-release-windows-x86_64 | 0.9.7 | 117.00 | 139.00 | 256.00 | NOTE | |
r-oldrel-macos-arm64 | 0.9.7 | NOTE | ||||
r-oldrel-macos-x86_64 | 0.9.7 | NOTE | ||||
r-oldrel-windows-ix86+x86_64 | 0.9.7 | 178.00 | 151.00 | 329.00 | NOTE |
Version: 0.9.7
Check: R code for possible problems
Result: NOTE
cf1.sample: no visible global function definition for 'rexp'
cf1.sample: no visible global function definition for 'rmultinom'
dherlang : <anonymous> : <anonymous>: no visible global function
definition for 'dgamma'
erhmm.param.kmeans: no visible global function definition for 'kmeans'
erhmm.param.kmeans: no visible global function definition for 'var'
erhmm.param.kmeans: no visible global function definition for 'runif'
gmmpp.param.kmeans: no visible global function definition for 'kmeans'
gmmpp.param.kmeans: no visible global function definition for 'runif'
herlang.param.kmeans: no visible global function definition for
'kmeans'
herlang.param.kmeans: no visible global function definition for 'var'
map.param.kmeans: no visible global function definition for 'kmeans'
map.param.kmeans: no visible global function definition for 'runif'
ph.param.random: no visible global function definition for 'runif'
ph.sample: no visible global function definition for 'rmultinom'
ph.sample: no visible global function definition for 'rexp'
pherlang : <anonymous> : <anonymous>: no visible global function
definition for 'pgamma'
rherlang: no visible global function definition for 'rmultinom'
rherlang : <anonymous>: no visible global function definition for
'rgamma'
Undefined global functions or variables:
dgamma kmeans pgamma rexp rgamma rmultinom runif var
Consider adding
importFrom("stats", "dgamma", "kmeans", "pgamma", "rexp", "rgamma",
"rmultinom", "runif", "var")
to your NAMESPACE file.
Flavors: r-devel-linux-x86_64-debian-clang, r-devel-linux-x86_64-debian-gcc, r-devel-linux-x86_64-fedora-clang, r-devel-linux-x86_64-fedora-gcc, r-patched-linux-x86_64, r-release-linux-x86_64, r-release-macos-arm64, r-release-macos-x86_64, r-release-windows-x86_64, r-oldrel-macos-arm64, r-oldrel-macos-x86_64, r-oldrel-windows-ix86+x86_64
Version: 0.9.7
Check: compiled code
Result: NOTE
File ‘mapfit/libs/mapfit.so’:
Found no call to: ‘R_useDynamicSymbols’
It is good practice to register native routines and to disable symbol
search.
See ‘Writing portable packages’ in the ‘Writing R Extensions’ manual.
Flavors: r-devel-linux-x86_64-fedora-clang, r-devel-linux-x86_64-fedora-gcc